Last updated on 2025-05-03 12:54:56 CEST.
Flavor | Version | Tinstall | Tcheck | Ttotal | Status | Flags |
---|---|---|---|---|---|---|
r-devel-linux-x86_64-debian-clang | 0.1.6 | 3.57 | 138.35 | 141.92 | NOTE | |
r-devel-linux-x86_64-debian-gcc | 0.1.6 | 2.71 | 94.53 | 97.24 | NOTE | |
r-devel-linux-x86_64-fedora-clang | 0.1.7 | 265.25 | OK | |||
r-devel-linux-x86_64-fedora-gcc | 0.1.7 | 251.14 | OK | |||
r-devel-windows-x86_64 | 0.1.6 | 6.00 | 131.00 | 137.00 | OK | |
r-patched-linux-x86_64 | 0.1.6 | 4.24 | 128.27 | 132.51 | OK | |
r-release-linux-x86_64 | OK | |||||
r-release-macos-arm64 | 0.1.7 | 70.00 | OK | |||
r-release-macos-x86_64 | 0.1.7 | 161.00 | OK | |||
r-release-windows-x86_64 | 0.1.7 | 10.00 | 142.00 | 152.00 | OK | |
r-oldrel-macos-arm64 | 0.1.7 | 76.00 | OK | |||
r-oldrel-macos-x86_64 | 0.1.7 | 170.00 | OK | |||
r-oldrel-windows-x86_64 | 0.1.6 | 6.00 | 176.00 | 182.00 | OK |
Version: 0.1.6
Check: CRAN incoming feasibility
Result: NOTE
Maintainer: ‘Kenta Yoshida <yoshida.kenta.6@gmail.com>’
Package has help file(s) containing later-stage \Sexpr{} expressions
but no 'build/stage23.rdb' file.
Flavors: r-devel-linux-x86_64-debian-clang, r-devel-linux-x86_64-debian-gcc