Last updated on 2024-06-16 11:58:08 CEST.
Flavor | Version | Tinstall | Tcheck | Ttotal | Status | Flags |
---|---|---|---|---|---|---|
r-devel-linux-x86_64-debian-clang | 1.6.0 | 66.70 | 133.32 | 200.02 | OK | --no-vignettes |
r-devel-linux-x86_64-debian-gcc | 1.6.0 | 43.87 | 107.73 | 151.60 | OK | --no-vignettes |
r-devel-linux-x86_64-fedora-clang | 1.6.0 | 561.86 | OK | |||
r-devel-linux-x86_64-fedora-gcc | 1.6.0 | 599.16 | OK | |||
r-devel-windows-x86_64 | 1.6.0 | 38.00 | 398.00 | 436.00 | OK | |
r-patched-linux-x86_64 | 1.6.0 | 59.36 | 136.63 | 195.99 | OK | --no-vignettes |
r-release-linux-x86_64 | 1.6.0 | 56.98 | 140.19 | 197.17 | OK | --no-vignettes |
r-release-macos-arm64 | 1.6.0 | 157.00 | NOTE | |||
r-release-macos-x86_64 | 1.6.0 | 296.00 | NOTE | |||
r-release-windows-x86_64 | 1.6.0 | 39.00 | 401.00 | 440.00 | OK | |
r-oldrel-macos-arm64 | 1.6.0 | 212.00 | NOTE | |||
r-oldrel-macos-x86_64 | 1.6.0 | 438.00 | NOTE | |||
r-oldrel-windows-x86_64 | 1.6.0 | 50.00 | 460.00 | 510.00 | OK |
Version: 1.6.0
Check: installed package size
Result: NOTE
installed size is 23.3Mb
sub-directories of 1Mb or more:
doc 1.5Mb
libs 21.4Mb
Flavors: r-release-macos-arm64, r-release-macos-x86_64, r-oldrel-macos-arm64, r-oldrel-macos-x86_64