Last updated on 2025-05-03 21:51:34 CEST.
Flavor | Version | Tinstall | Tcheck | Ttotal | Status | Flags |
---|---|---|---|---|---|---|
r-devel-linux-x86_64-debian-clang | 0.26 | 12.65 | 124.93 | 137.58 | NOTE | |
r-devel-linux-x86_64-debian-gcc | 0.26 | 10.70 | 89.75 | 100.45 | NOTE | |
r-devel-linux-x86_64-fedora-clang | 0.26 | 222.75 | OK | |||
r-devel-linux-x86_64-fedora-gcc | 0.26 | 231.26 | OK | |||
r-devel-windows-x86_64 | 0.26 | 18.00 | 155.00 | 173.00 | OK | |
r-patched-linux-x86_64 | 0.26 | 12.63 | 119.74 | 132.37 | OK | |
r-release-linux-x86_64 | OK | |||||
r-release-macos-arm64 | 0.26 | 88.00 | OK | |||
r-release-macos-x86_64 | 0.26 | 139.00 | OK | |||
r-release-windows-x86_64 | 0.26 | 17.00 | 155.00 | 172.00 | OK | |
r-oldrel-macos-arm64 | 0.26 | 73.00 | OK | |||
r-oldrel-macos-x86_64 | 0.26 | 174.00 | OK | |||
r-oldrel-windows-x86_64 | 0.26 | 20.00 | 200.00 | 220.00 | OK |
Version: 0.26
Check: CRAN incoming feasibility
Result: NOTE
Maintainer: ‘Alexander Sibley <dcibioinformatics@duke.edu>’
No Authors@R field in DESCRIPTION.
Please add one, modifying
Authors@R: c(person(given = "Kouros",
family = "Owzar",
role = "aut"),
person(given = "Zhiguo",
family = "Li",
role = "aut"),
person(given = "Nancy",
family = "Cox",
role = "aut"),
person(given = "Sin-Ho",
family = "Jung",
role = "aut"),
person(given = "Chanhee",
family = "Yi",
role = "aut"),
person(given = "Alexander",
family = "Sibley",
role = "cre",
email = "dcibioinformatics@duke.edu"))
as necessary.
Package CITATION file contains call(s) to old-style personList() or
as.personList(). Please use c() on person objects instead.
Package CITATION file contains call(s) to old-style citEntry(). Please
use bibentry() instead.
Flavors: r-devel-linux-x86_64-debian-clang, r-devel-linux-x86_64-debian-gcc