Last updated on 2025-05-03 21:51:34 CEST.
Flavor | Version | Tinstall | Tcheck | Ttotal | Status | Flags |
---|---|---|---|---|---|---|
r-devel-linux-x86_64-debian-clang | 1.3.2 | 21.26 | 132.55 | 153.81 | NOTE | |
r-devel-linux-x86_64-debian-gcc | 1.3.2 | 14.12 | 92.67 | 106.79 | NOTE | |
r-devel-linux-x86_64-fedora-clang | 1.3.2 | 242.09 | NOTE | |||
r-devel-linux-x86_64-fedora-gcc | 1.3.2 | 234.26 | NOTE | |||
r-devel-windows-x86_64 | 1.3.2 | 22.00 | 135.00 | 157.00 | NOTE | |
r-patched-linux-x86_64 | 1.3.2 | 20.16 | 124.77 | 144.93 | NOTE | |
r-release-linux-x86_64 | NOTE | |||||
r-release-macos-arm64 | 1.3.2 | 58.00 | NOTE | |||
r-release-macos-x86_64 | 1.3.2 | 131.00 | NOTE | |||
r-release-windows-x86_64 | 1.3.2 | 22.00 | 135.00 | 157.00 | NOTE | |
r-oldrel-macos-arm64 | 1.3.2 | 56.00 | NOTE | |||
r-oldrel-macos-x86_64 | 1.3.2 | 102.00 | NOTE | |||
r-oldrel-windows-x86_64 | 1.3.2 | 30.00 | 174.00 | 204.00 | NOTE |
Version: 1.3.2
Check: CRAN incoming feasibility
Result: NOTE
Maintainer: ‘Marta Sestelo <sestelo@uvigo.es>’
No Authors@R field in DESCRIPTION.
Please add one, modifying
Authors@R: c(person(given = "Luis",
family = "Meira-Machado",
role = "aut"),
person(given = "Marta",
family = "Sestelo",
role = c("aut", "cre"),
email = "sestelo@uvigo.es"),
person(given = "Gustavo",
family = "Soutinho",
role = "aut"))
as necessary.
Flavors: r-devel-linux-x86_64-debian-clang, r-devel-linux-x86_64-debian-gcc
Version: 1.3.2
Check: Rd files
Result: NOTE
checkRd: (-1) tprob.Rd:138: Lost braces in \itemize; meant \describe ?
checkRd: (-1) tprob.Rd:139: Lost braces in \itemize; meant \describe ?
checkRd: (-1) tprob.Rd:140: Lost braces in \itemize; meant \describe ?
checkRd: (-1) tprob.Rd:141: Lost braces in \itemize; meant \describe ?
checkRd: (-1) tprob.Rd:142: Lost braces in \itemize; meant \describe ?
checkRd: (-1) tprob.Rd:143: Lost braces in \itemize; meant \describe ?
checkRd: (-1) tprob.Rd:144: Lost braces in \itemize; meant \describe ?
checkRd: (-1) tprob.Rd:145: Lost braces in \itemize; meant \describe ?
checkRd: (-1) tprob.Rd:146: Lost braces in \itemize; meant \describe ?
Flavors: r-devel-linux-x86_64-debian-clang, r-devel-linux-x86_64-debian-gcc, r-devel-linux-x86_64-fedora-clang, r-devel-linux-x86_64-fedora-gcc, r-devel-windows-x86_64, r-patched-linux-x86_64, r-release-linux-x86_64, r-release-macos-arm64, r-release-macos-x86_64, r-release-windows-x86_64, r-oldrel-macos-arm64, r-oldrel-macos-x86_64, r-oldrel-windows-x86_64