CRAN Package Check Results for Package survivoR

Last updated on 2025-05-03 21:51:34 CEST.

Flavor Version Tinstall Tcheck Ttotal Status Flags
r-devel-linux-x86_64-debian-clang 2.3.5 11.48 97.99 109.47 NOTE
r-devel-linux-x86_64-debian-gcc 2.3.5 7.49 65.59 73.08 NOTE
r-devel-linux-x86_64-fedora-clang 2.3.5 157.67 NOTE
r-devel-linux-x86_64-fedora-gcc 2.3.5 155.72 NOTE
r-devel-windows-x86_64 2.3.5 14.00 110.00 124.00 NOTE
r-patched-linux-x86_64 2.3.5 12.16 87.28 99.44 NOTE
r-release-linux-x86_64 NOTE
r-release-macos-arm64 2.3.5 43.00 NOTE
r-release-macos-x86_64 2.3.5 82.00 NOTE
r-release-windows-x86_64 2.3.5 14.00 108.00 122.00 NOTE
r-oldrel-macos-arm64 2.3.5 49.00 OK
r-oldrel-macos-x86_64 2.3.5 80.00 OK
r-oldrel-windows-x86_64 2.3.5 17.00 137.00 154.00 OK

Check Details

Version: 2.3.5
Check: DESCRIPTION meta-information
Result: NOTE Missing dependency on R >= 4.1.0 because package code uses the pipe |> or function shorthand \(...) syntax added in R 4.1.0. File(s) using such syntax: ‘add.R’ ‘add_alive.Rd’ ‘add_bipoc.Rd’ ‘add_castaway.Rd’ ‘add_demogs.Rd’ ‘add_finalist.Rd’ ‘add_full_name.Rd’ ‘add_gender.Rd’ ‘add_jury.Rd’ ‘add_lgbt.Rd’ ‘add_result.Rd’ ‘add_tribe.Rd’ ‘add_tribe_colour.Rd’ ‘add_winner.Rd’ ‘castaway_details.Rd’ ‘filter_alive.Rd’ ‘filter_final_n.Rd’ ‘filter_finalist.Rd’ ‘filter_jury.Rd’ ‘filter_new_era.Rd’ ‘filter_us.Rd’ ‘filter_vs.Rd’ ‘filter_winner.Rd’ ‘filters.R’ ‘get.R’ ‘helpers.R’ Flavors: r-devel-linux-x86_64-debian-clang, r-devel-linux-x86_64-debian-gcc, r-devel-linux-x86_64-fedora-clang, r-devel-linux-x86_64-fedora-gcc, r-devel-windows-x86_64, r-patched-linux-x86_64, r-release-linux-x86_64, r-release-macos-arm64, r-release-windows-x86_64

Version: 2.3.5
Check: DESCRIPTION meta-information
Result: NOTE Missing dependency on R >= 4.1.0 because package code uses the pipe |> or function shorthand \(...) syntax added in R 4.1.0. File(s) using such syntax: ‘add.R’ ‘filters.R’ ‘get.R’ ‘helpers.R’ Flavor: r-release-macos-x86_64