Last updated on 2025-05-03 12:54:56 CEST.
Flavor | Version | Tinstall | Tcheck | Ttotal | Status | Flags |
---|---|---|---|---|---|---|
r-devel-linux-x86_64-debian-clang | 0.1.6 | 2.98 | 26.81 | 29.79 | NOTE | |
r-devel-linux-x86_64-debian-gcc | 0.1.6 | 1.91 | 20.68 | 22.59 | NOTE | |
r-devel-linux-x86_64-fedora-clang | 0.1.6 | 45.61 | NOTE | |||
r-devel-linux-x86_64-fedora-gcc | 0.1.6 | 43.39 | NOTE | |||
r-devel-windows-x86_64 | 0.1.6 | 4.00 | 50.00 | 54.00 | NOTE | |
r-patched-linux-x86_64 | 0.1.6 | 2.97 | 24.40 | 27.37 | NOTE | |
r-release-linux-x86_64 | NOTE | |||||
r-release-macos-arm64 | 0.1.6 | 17.00 | NOTE | |||
r-release-macos-x86_64 | 0.1.6 | 36.00 | NOTE | |||
r-release-windows-x86_64 | 0.1.6 | 4.00 | 50.00 | 54.00 | NOTE | |
r-oldrel-macos-arm64 | 0.1.6 | 18.00 | OK | |||
r-oldrel-macos-x86_64 | 0.1.6 | 26.00 | OK | |||
r-oldrel-windows-x86_64 | 0.1.6 | 5.00 | 56.00 | 61.00 | OK |
Version: 0.1.6
Check: DESCRIPTION meta-information
Result: NOTE
Missing dependency on R >= 4.1.0 because package code uses the pipe
|> or function shorthand \(...) syntax added in R 4.1.0.
File(s) using such syntax:
‘suso_gql_helpers.R’ ‘suso_gql_uploadMap.R’
Flavors: r-devel-linux-x86_64-debian-clang, r-devel-linux-x86_64-debian-gcc, r-devel-linux-x86_64-fedora-clang, r-devel-linux-x86_64-fedora-gcc, r-devel-windows-x86_64, r-patched-linux-x86_64, r-release-linux-x86_64, r-release-macos-arm64, r-release-macos-x86_64, r-release-windows-x86_64
Version: 0.1.6
Check: dependencies in R code
Result: NOTE
Namespaces in Imports field not imported from:
‘jsonlite’ ‘readr’ ‘stringr’
All declared Imports should be used.
Flavors: r-devel-linux-x86_64-fedora-clang, r-devel-linux-x86_64-fedora-gcc