Last updated on 2025-05-03 12:54:56 CEST.
Flavor | Version | Tinstall | Tcheck | Ttotal | Status | Flags |
---|---|---|---|---|---|---|
r-devel-linux-x86_64-debian-clang | 1.0.1 | 2.16 | 23.58 | 25.74 | NOTE | |
r-devel-linux-x86_64-debian-gcc | 1.0.1 | 1.51 | 19.64 | 21.15 | NOTE | |
r-devel-linux-x86_64-fedora-clang | 1.0.1 | 41.80 | OK | |||
r-devel-linux-x86_64-fedora-gcc | 1.0.1 | 56.10 | OK | |||
r-devel-windows-x86_64 | 1.0.1 | 3.00 | 46.00 | 49.00 | OK | |
r-patched-linux-x86_64 | 1.0.1 | 2.17 | 22.78 | 24.95 | OK | |
r-release-linux-x86_64 | OK | |||||
r-release-macos-arm64 | 1.0.1 | 31.00 | OK | |||
r-release-macos-x86_64 | 1.0.1 | 52.00 | OK | |||
r-release-windows-x86_64 | 1.0.1 | 3.00 | 47.00 | 50.00 | OK | |
r-oldrel-macos-arm64 | 1.0.1 | 32.00 | OK | |||
r-oldrel-macos-x86_64 | 1.0.1 | 45.00 | OK | |||
r-oldrel-windows-x86_64 | 1.0.1 | 3.00 | 53.00 | 56.00 | OK |
Version: 1.0.1
Check: CRAN incoming feasibility
Result: NOTE
Maintainer: ‘Philippe Grosjean <phgrosjean@sciviews.org>’
Package CITATION file contains call(s) to old-style personList() or
as.personList(). Please use c() on person objects instead.
Package CITATION file contains call(s) to old-style citEntry(). Please
use bibentry() instead.
Flavors: r-devel-linux-x86_64-debian-clang, r-devel-linux-x86_64-debian-gcc