Last updated on 2025-05-03 21:51:34 CEST.
Flavor | Version | Tinstall | Tcheck | Ttotal | Status | Flags |
---|---|---|---|---|---|---|
r-devel-linux-x86_64-debian-clang | 1.0.0 | 3.17 | 31.73 | 34.90 | NOTE | |
r-devel-linux-x86_64-debian-gcc | 1.0.0 | 2.22 | 26.10 | 28.32 | NOTE | |
r-devel-linux-x86_64-fedora-clang | 1.0.0 | 57.49 | OK | |||
r-devel-linux-x86_64-fedora-gcc | 1.0.0 | 68.71 | OK | |||
r-devel-windows-x86_64 | 1.0.0 | 5.00 | 54.00 | 59.00 | OK | |
r-patched-linux-x86_64 | 1.0.0 | 3.06 | 30.85 | 33.91 | OK | |
r-release-linux-x86_64 | OK | |||||
r-release-macos-arm64 | 1.0.0 | 51.00 | OK | |||
r-release-macos-x86_64 | 1.0.0 | 48.00 | OK | |||
r-release-windows-x86_64 | 1.0.0 | 5.00 | 55.00 | 60.00 | OK | |
r-oldrel-macos-arm64 | 1.0.0 | 28.00 | OK | |||
r-oldrel-macos-x86_64 | 1.0.0 | 39.00 | OK | |||
r-oldrel-windows-x86_64 | 1.0.0 | 6.00 | 61.00 | 67.00 | OK |
Version: 1.0.0
Check: CRAN incoming feasibility
Result: NOTE
Maintainer: ‘Philippe Grosjean <phgrosjean@sciviews.org>’
Package CITATION file contains call(s) to old-style personList() or
as.personList(). Please use c() on person objects instead.
Package CITATION file contains call(s) to old-style citEntry(). Please
use bibentry() instead.
Flavors: r-devel-linux-x86_64-debian-clang, r-devel-linux-x86_64-debian-gcc