Last updated on 2024-06-17 06:50:33 CEST.
Flavor | Version | Tinstall | Tcheck | Ttotal | Status | Flags |
---|---|---|---|---|---|---|
r-devel-linux-x86_64-debian-clang | 1.0.0 | 4.65 | 245.14 | 249.79 | NOTE | |
r-devel-linux-x86_64-debian-gcc | 1.0.0 | 3.15 | 170.61 | 173.76 | NOTE | |
r-devel-linux-x86_64-fedora-clang | 1.0.0 | 301.26 | NOTE | |||
r-devel-linux-x86_64-fedora-gcc | 1.0.0 | 304.87 | NOTE | |||
r-devel-windows-x86_64 | 1.0.0 | 5.00 | 168.00 | 173.00 | NOTE | |
r-patched-linux-x86_64 | 1.0.0 | 5.19 | 235.53 | 240.72 | NOTE | |
r-release-linux-x86_64 | 1.0.0 | 3.25 | 236.90 | 240.15 | NOTE | |
r-release-macos-arm64 | 1.0.0 | 61.00 | NOTE | |||
r-release-macos-x86_64 | 1.0.0 | 127.00 | NOTE | |||
r-release-windows-x86_64 | 1.0.0 | 5.00 | 175.00 | 180.00 | NOTE | |
r-oldrel-macos-arm64 | 1.0.0 | 65.00 | NOTE | |||
r-oldrel-macos-x86_64 | 1.0.0 | 135.00 | NOTE | |||
r-oldrel-windows-x86_64 | 1.0.0 | 5.00 | 222.00 | 227.00 | NOTE |
Version: 1.0.0
Check: LazyData
Result: NOTE
'LazyData' is specified without a 'data' directory
Flavors: r-devel-linux-x86_64-debian-clang, r-devel-linux-x86_64-debian-gcc, r-devel-linux-x86_64-fedora-clang, r-devel-linux-x86_64-fedora-gcc, r-devel-windows-x86_64, r-patched-linux-x86_64, r-release-linux-x86_64, r-release-macos-arm64, r-release-macos-x86_64, r-release-windows-x86_64, r-oldrel-macos-arm64, r-oldrel-macos-x86_64, r-oldrel-windows-x86_64