Last updated on 2024-06-17 06:50:33 CEST.
Flavor | Version | Tinstall | Tcheck | Ttotal | Status | Flags |
---|---|---|---|---|---|---|
r-devel-linux-x86_64-debian-clang | 1.0.2 | 2.14 | 26.81 | 28.95 | OK | |
r-devel-linux-x86_64-debian-gcc | 1.0.2 | 1.79 | 20.97 | 22.76 | OK | |
r-devel-linux-x86_64-fedora-clang | 1.0.2 | 36.43 | NOTE | |||
r-devel-linux-x86_64-fedora-gcc | 1.0.2 | 34.73 | NOTE | |||
r-devel-windows-x86_64 | 1.0.2 | 3.00 | 42.00 | 45.00 | OK | |
r-patched-linux-x86_64 | 1.0.2 | 2.49 | 26.59 | 29.08 | OK | |
r-release-linux-x86_64 | 1.0.2 | 2.16 | 25.72 | 27.88 | OK | |
r-release-macos-arm64 | 1.0.2 | 16.00 | OK | |||
r-release-macos-x86_64 | 1.0.2 | 24.00 | OK | |||
r-release-windows-x86_64 | 1.0.2 | 2.00 | 42.00 | 44.00 | OK | |
r-oldrel-macos-arm64 | 1.0.2 | 22.00 | OK | |||
r-oldrel-macos-x86_64 | 1.0.2 | 44.00 | OK | |||
r-oldrel-windows-x86_64 | 1.0.2 | 4.00 | 41.00 | 45.00 | OK |
Version: 1.0.2
Check: data for non-ASCII characters
Result: NOTE
Note: found 77 marked UTF-8 strings
Flavors: r-devel-linux-x86_64-fedora-clang, r-devel-linux-x86_64-fedora-gcc