Last updated on 2025-05-03 21:51:35 CEST.
Flavor | Version | Tinstall | Tcheck | Ttotal | Status | Flags |
---|---|---|---|---|---|---|
r-devel-linux-x86_64-debian-clang | 1.9 | 8.76 | 76.84 | 85.60 | NOTE | |
r-devel-linux-x86_64-debian-gcc | 1.9 | 6.85 | 56.31 | 63.16 | NOTE | |
r-devel-linux-x86_64-fedora-clang | 1.9 | 134.97 | OK | |||
r-devel-linux-x86_64-fedora-gcc | 1.9 | 131.74 | OK | |||
r-devel-windows-x86_64 | 1.9 | 10.00 | 82.00 | 92.00 | OK | |
r-patched-linux-x86_64 | 1.9 | 8.45 | 72.13 | 80.58 | OK | |
r-release-linux-x86_64 | OK | |||||
r-release-macos-arm64 | 1.9 | 40.00 | OK | |||
r-release-macos-x86_64 | 1.9 | 70.00 | OK | |||
r-release-windows-x86_64 | 1.9 | 10.00 | 82.00 | 92.00 | OK | |
r-oldrel-macos-arm64 | 1.9 | 38.00 | OK | |||
r-oldrel-macos-x86_64 | 1.9 | 57.00 | OK | |||
r-oldrel-windows-x86_64 | 1.9 | 12.00 | 103.00 | 115.00 | OK |
Version: 1.9
Check: CRAN incoming feasibility
Result: NOTE
Maintainer: ‘Shannon T. Holloway <shannon.t.holloway@gmail.com>’
The Description field contains
<arXiv:2106.15559>.
Please refer to arXiv e-prints via their arXiv DOI <doi:10.48550/arXiv.YYMM.NNNNN>.
Flavors: r-devel-linux-x86_64-debian-clang, r-devel-linux-x86_64-debian-gcc