CRAN Package Check Results for Package tagcloud

Last updated on 2025-05-03 21:51:34 CEST.

Flavor Version Tinstall Tcheck Ttotal Status Flags
r-devel-linux-x86_64-debian-clang 0.6 12.99 31.37 44.36 NOTE
r-devel-linux-x86_64-debian-gcc 0.6 10.60 24.26 34.86 NOTE
r-devel-linux-x86_64-fedora-clang 0.6 78.56 NOTE
r-devel-linux-x86_64-fedora-gcc 0.6 113.55 NOTE
r-devel-windows-x86_64 0.6 18.00 68.00 86.00 NOTE
r-patched-linux-x86_64 0.6 14.05 30.42 44.47 NOTE
r-release-linux-x86_64 NOTE
r-release-macos-arm64 0.6 38.00 OK
r-release-macos-x86_64 0.6 67.00 OK
r-release-windows-x86_64 0.6 18.00 67.00 85.00 NOTE
r-oldrel-macos-arm64 0.6 36.00 OK
r-oldrel-macos-x86_64 0.6 53.00 OK
r-oldrel-windows-x86_64 0.6 21.00 83.00 104.00 OK

Check Details

Version: 0.6
Check: CRAN incoming feasibility
Result: NOTE Maintainer: ‘January Weiner <january.weiner@gmail.com>’ No Authors@R field in DESCRIPTION. Please add one, modifying Authors@R: person(given = "January", family = "Weiner", role = c("aut", "cre"), email = "january.weiner@gmail.com") as necessary. Flavors: r-devel-linux-x86_64-debian-clang, r-devel-linux-x86_64-debian-gcc

Version: 0.6
Check: Rd cross-references
Result: NOTE Found the following Rd file(s) with Rd \link{} targets missing package anchors: smoothPalette.Rd: brewer.pal Please provide package anchors for all Rd \link{} targets not in the package itself and the base packages. Flavors: r-devel-linux-x86_64-debian-clang, r-devel-linux-x86_64-debian-gcc, r-devel-windows-x86_64, r-patched-linux-x86_64, r-release-linux-x86_64, r-release-windows-x86_64

Version: 0.6
Check: compiled code
Result: NOTE File ‘tagcloud/libs/tagcloud.so’: Found no calls to: ‘R_registerRoutines’, ‘R_useDynamicSymbols’ It is good practice to register native routines and to disable symbol search. See ‘Writing portable packages’ in the ‘Writing R Extensions’ manual. Flavors: r-devel-linux-x86_64-fedora-clang, r-devel-linux-x86_64-fedora-gcc