Last updated on 2025-05-03 21:51:34 CEST.
Flavor | Version | Tinstall | Tcheck | Ttotal | Status | Flags |
---|---|---|---|---|---|---|
r-devel-linux-x86_64-debian-clang | 2.1-0 | 59.10 | 259.24 | 318.34 | OK | |
r-devel-linux-x86_64-debian-gcc | 2.1-0 | 43.24 | 266.52 | 309.76 | OK | |
r-devel-linux-x86_64-fedora-clang | 2.1-0 | 395.82 | NOTE | |||
r-devel-linux-x86_64-fedora-gcc | 2.1-0 | 662.59 | OK | |||
r-devel-windows-x86_64 | 2.1-0 | 69.00 | 178.00 | 247.00 | OK | |
r-patched-linux-x86_64 | 2.1-0 | 60.22 | 310.21 | 370.43 | OK | |
r-release-linux-x86_64 | OK | |||||
r-release-macos-arm64 | 2.1-0 | 89.00 | OK | |||
r-release-macos-x86_64 | 2.1-0 | 154.00 | OK | |||
r-release-windows-x86_64 | 2.1-0 | 70.00 | 179.00 | 249.00 | OK | |
r-oldrel-macos-arm64 | 2.1-0 | 83.00 | NOTE | |||
r-oldrel-macos-x86_64 | 2.1-0 | 189.00 | NOTE | |||
r-oldrel-windows-x86_64 | 2.1-0 | 79.00 | 199.00 | 278.00 | OK |
Version: 2.1-0
Check: tests
Result: NOTE
Running ‘ttclust.R’ [31s/26s]
Comparing ‘ttclust.Rout’ to ‘ttclust.Rout.save’ ...21,22d20
< OMP: Warning #96: Cannot form a team with 8 threads, using 2 instead.
< OMP: Hint Consider unsetting KMP_DEVICE_THREAD_LIMIT (KMP_ALL_THREADS), KMP_TEAMS_THREAD_LIMIT, and OMP_THREAD_LIMIT (if any are set).
Flavor: r-devel-linux-x86_64-fedora-clang
Version: 2.1-0
Check: installed package size
Result: NOTE
installed size is 7.4Mb
sub-directories of 1Mb or more:
libs 6.1Mb
Flavors: r-oldrel-macos-arm64, r-oldrel-macos-x86_64