Last updated on 2025-05-03 21:51:34 CEST.
Flavor | Version | Tinstall | Tcheck | Ttotal | Status | Flags |
---|---|---|---|---|---|---|
r-devel-linux-x86_64-debian-clang | 1.0.1 | 3.24 | 176.26 | 179.50 | NOTE | |
r-devel-linux-x86_64-debian-gcc | 1.0.1 | 2.35 | 108.54 | 110.89 | NOTE | |
r-devel-linux-x86_64-fedora-clang | 1.0.1 | 294.48 | OK | |||
r-devel-linux-x86_64-fedora-gcc | 1.0.1 | 311.45 | OK | |||
r-devel-windows-x86_64 | 1.0.1 | 4.00 | 184.00 | 188.00 | OK | |
r-patched-linux-x86_64 | 1.0.1 | 4.34 | 167.13 | 171.47 | OK | |
r-release-linux-x86_64 | OK | |||||
r-release-macos-arm64 | 1.0.1 | 85.00 | OK | |||
r-release-macos-x86_64 | 1.0.1 | 183.00 | OK | |||
r-release-windows-x86_64 | 1.0.1 | 5.00 | 184.00 | 189.00 | OK | |
r-oldrel-macos-arm64 | 1.0.1 | 85.00 | NOTE | |||
r-oldrel-macos-x86_64 | 1.0.1 | 133.00 | NOTE | |||
r-oldrel-windows-x86_64 | 1.0.1 | 7.00 | 256.00 | 263.00 | NOTE |
Version: 1.0.1
Check: CRAN incoming feasibility
Result: NOTE
Maintainer: ‘David Gerard <gerard.1787@gmail.com>’
Found the following URLs which should use \doi (with the DOI name only):
File ‘Kom.Rd’:
http://doi.org/10.1214/aos/1176344621
http://doi.org/10.1080/01621459.1969.10501078
File ‘amprod.Rd’:
https://doi.org/10.1137/07070111X
File ‘anorm_cd.Rd’:
http://doi.org/10.1214/11-BA606
File ‘atrans.Rd’:
https://doi.org/10.1137/07070111X
File ‘convert_cov.Rd’:
https://doi.org/10.1016/j.jmva.2015.01.020
File ‘demean_tensor.Rd’:
https://doi.org/10.1016/j.jmva.2015.01.020
File ‘equi_mcmc.Rd’:
https://doi.org/10.1016/j.jmva.2015.01.020
File ‘get_equi_bayes.Rd’:
https://doi.org/10.1016/j.jmva.2015.01.020
File ‘get_isvd.Rd’:
https://doi.org/10.1016/j.laa.2016.04.033
File ‘holq.Rd’:
https://doi.org/10.1016/j.laa.2016.04.033
File ‘hooi.Rd’:
https://doi.org/10.1137/S0895479898346995
http://doi.org/10.1137/S0895479898346995
File ‘hosvd.Rd’:
https://doi.org/10.1137/S0895479896305696
http://doi.org/10.1137/S0895479896305696
File ‘ihop.Rd’:
https://doi.org/10.1016/j.laa.2016.04.033
File ‘lrt_null_dist_dim_same.Rd’:
https://doi.org/10.1016/j.laa.2016.04.033
File ‘lrt_stat.Rd’:
https://doi.org/10.1016/j.laa.2016.04.033
File ‘mat.Rd’:
https://doi.org/10.1137/07070111X
File ‘mle_from_holq.Rd’:
https://doi.org/10.1016/j.laa.2016.04.033
File ‘multi_stein_loss.Rd’:
https://doi.org/10.1016/j.jmva.2015.01.020
File ‘multi_stein_loss_cov.Rd’:
https://doi.org/10.1016/j.jmva.2015.01.020
File ‘multiway_takemura.Rd’:
https://doi.org/10.1016/j.jmva.2015.01.020
File ‘rmirror_wishart.Rd’:
https://doi.org/10.1016/j.jmva.2015.01.020
File ‘sample_right_wishart.Rd’:
https://doi.org/10.1016/j.jmva.2015.01.020
File ‘sample_sig.Rd’:
https://doi.org/10.1016/j.jmva.2015.01.020
File ‘tensr.Rd’:
https://doi.org/10.1016/j.jmva.2015.01.020
https://doi.org/10.1016/j.laa.2016.04.033
Flavors: r-devel-linux-x86_64-debian-clang, r-devel-linux-x86_64-debian-gcc
Version: 1.0.1
Check: LazyData
Result: NOTE
'LazyData' is specified without a 'data' directory
Flavors: r-oldrel-macos-arm64, r-oldrel-macos-x86_64, r-oldrel-windows-x86_64