Last updated on 2025-07-22 12:49:48 CEST.
Flavor | Version | Tinstall | Tcheck | Ttotal | Status | Flags |
---|---|---|---|---|---|---|
r-devel-linux-x86_64-debian-clang | 2.1.0 | 5.37 | 83.77 | 89.14 | NOTE | |
r-devel-linux-x86_64-debian-gcc | 2.1.0 | 4.06 | 64.51 | 68.57 | NOTE | |
r-devel-linux-x86_64-fedora-clang | 2.1.0 | 105.74 | NOTE | |||
r-devel-linux-x86_64-fedora-gcc | 2.1.0 | 116.62 | NOTE | |||
r-devel-windows-x86_64 | 2.1.0 | 8.00 | 98.00 | 106.00 | NOTE | |
r-patched-linux-x86_64 | 2.1.0 | 5.66 | 78.16 | 83.82 | NOTE | |
r-release-linux-x86_64 | 2.1.0 | 5.07 | 78.34 | 83.41 | NOTE | |
r-release-macos-arm64 | 2.1.0 | 161.00 | NOTE | |||
r-release-macos-x86_64 | 2.1.0 | 112.00 | NOTE | |||
r-release-windows-x86_64 | 2.1.0 | 9.00 | 98.00 | 107.00 | NOTE | |
r-oldrel-macos-arm64 | 2.1.0 | 61.00 | OK | |||
r-oldrel-macos-x86_64 | 2.1.0 | 92.00 | OK | |||
r-oldrel-windows-x86_64 | 2.1.0 | 9.00 | 114.00 | 123.00 | OK |
Version: 2.1.0
Check: DESCRIPTION meta-information
Result: NOTE
Missing dependency on R >= 4.1.0 because package code uses the pipe
|> or function shorthand \(...) syntax added in R 4.1.0.
File(s) using such syntax:
‘tex_preview.Rd’
Flavors: r-devel-linux-x86_64-debian-clang, r-devel-linux-x86_64-debian-gcc, r-devel-linux-x86_64-fedora-clang, r-devel-linux-x86_64-fedora-gcc, r-devel-windows-x86_64, r-patched-linux-x86_64, r-release-linux-x86_64, r-release-macos-arm64, r-release-macos-x86_64, r-release-windows-x86_64