Last updated on 2025-05-03 21:51:34 CEST.
Flavor | Version | Tinstall | Tcheck | Ttotal | Status | Flags |
---|---|---|---|---|---|---|
r-devel-linux-x86_64-debian-clang | 1.1.1 | 8.58 | 351.77 | 360.35 | NOTE | |
r-devel-linux-x86_64-debian-gcc | 1.1.1 | 6.03 | 224.26 | 230.29 | NOTE | |
r-devel-linux-x86_64-fedora-clang | 1.1.1 | 508.39 | OK | |||
r-devel-linux-x86_64-fedora-gcc | 1.1.1 | 464.31 | OK | |||
r-devel-windows-x86_64 | 1.1.1 | 10.00 | 227.00 | 237.00 | NOTE | |
r-patched-linux-x86_64 | 1.1.1 | 8.84 | 278.76 | 287.60 | NOTE | |
r-release-linux-x86_64 | NOTE | |||||
r-release-macos-arm64 | 1.1.1 | 135.00 | OK | |||
r-release-macos-x86_64 | 1.1.1 | 323.00 | OK | |||
r-release-windows-x86_64 | 1.1.1 | 10.00 | 223.00 | 233.00 | NOTE | |
r-oldrel-macos-arm64 | 1.1.1 | 124.00 | OK | |||
r-oldrel-macos-x86_64 | 1.1.1 | 222.00 | OK | |||
r-oldrel-windows-x86_64 | 1.1.1 | 12.00 | 304.00 | 316.00 | OK |
Version: 1.1.1
Check: CRAN incoming feasibility
Result: NOTE
Maintainer: ‘Dominik S. Meier <dominikmeier@outlook.com>’
The Description field contains
<arXiv:2110.05856>.
Please refer to arXiv e-prints via their arXiv DOI <doi:10.48550/arXiv.YYMM.NNNNN>.
Flavors: r-devel-linux-x86_64-debian-clang, r-devel-linux-x86_64-debian-gcc
Version: 1.1.1
Check: Rd cross-references
Result: NOTE
Found the following Rd file(s) with Rd \link{} targets missing package
anchors:
plot_sdg.Rd: color
Please provide package anchors for all Rd \link{} targets not in the
package itself and the base packages.
Flavors: r-devel-linux-x86_64-debian-clang, r-devel-linux-x86_64-debian-gcc, r-devel-windows-x86_64, r-patched-linux-x86_64, r-release-linux-x86_64, r-release-windows-x86_64