Last updated on 2025-07-24 06:49:42 CEST.
Flavor | Version | Tinstall | Tcheck | Ttotal | Status | Flags |
---|---|---|---|---|---|---|
r-devel-linux-x86_64-debian-clang | 3.3.0 | 7.56 | 156.44 | 164.00 | OK | |
r-devel-linux-x86_64-debian-gcc | 3.3.0 | 5.41 | 108.35 | 113.76 | OK | |
r-devel-linux-x86_64-fedora-clang | 3.3.0 | 249.52 | OK | |||
r-devel-linux-x86_64-fedora-gcc | 3.3.0 | 244.93 | OK | |||
r-devel-windows-x86_64 | 3.3.0 | 16.00 | 144.00 | 160.00 | OK | |
r-patched-linux-x86_64 | 3.3.0 | 7.75 | 144.86 | 152.61 | OK | |
r-release-linux-x86_64 | 3.3.0 | 6.56 | 146.06 | 152.62 | OK | |
r-release-macos-arm64 | 3.3.0 | 47.00 | OK | |||
r-release-macos-x86_64 | 3.3.0 | 154.00 | OK | |||
r-release-windows-x86_64 | 3.3.0 | 15.00 | 150.00 | 165.00 | OK | |
r-oldrel-macos-arm64 | 3.3.0 | 50.00 | OK | |||
r-oldrel-macos-x86_64 | 3.3.0 | 173.00 | OK | |||
r-oldrel-windows-x86_64 | 3.3.0 | 1.00 | 9.00 | 10.00 | ERROR |
Version: 3.3.0
Check: whether package can be installed
Result: ERROR
Installation failed.
Flavor: r-oldrel-windows-x86_64