CRAN Package Check Results for Package tibblify

Last updated on 2025-05-03 12:54:57 CEST.

Flavor Version Tinstall Tcheck Ttotal Status Flags
r-devel-linux-x86_64-debian-clang 0.3.1 13.26 90.27 103.53 NOTE
r-devel-linux-x86_64-debian-gcc 0.3.1 9.96 62.70 72.66 NOTE
r-devel-linux-x86_64-fedora-clang 0.3.1 171.82 NOTE
r-devel-linux-x86_64-fedora-gcc 0.3.1 170.08 NOTE
r-devel-windows-x86_64 0.3.1 27.00 108.00 135.00 NOTE
r-patched-linux-x86_64 0.3.1 12.71 83.84 96.55 NOTE
r-release-linux-x86_64 NOTE
r-release-macos-arm64 0.3.1 71.00 NOTE
r-release-macos-x86_64 0.3.1 113.00 NOTE
r-release-windows-x86_64 0.3.1 28.00 108.00 136.00 NOTE
r-oldrel-macos-arm64 0.3.1 48.00 OK
r-oldrel-macos-x86_64 0.3.1 78.00 OK
r-oldrel-windows-x86_64 0.3.1 31.00 132.00 163.00 OK

Check Details

Version: 0.3.1
Check: Rd cross-references
Result: NOTE Found the following Rd file(s) with Rd \link{} targets missing package anchors: guess_tspec.Rd: abort Please provide package anchors for all Rd \link{} targets not in the package itself and the base packages. Flavors: r-devel-linux-x86_64-debian-clang, r-devel-linux-x86_64-debian-gcc, r-devel-windows-x86_64, r-patched-linux-x86_64, r-release-linux-x86_64, r-release-windows-x86_64

Version: 0.3.1
Check: compiled code
Result: NOTE File ‘tibblify/libs/tibblify.so’: Found non-API calls to R: ‘BODY’, ‘CLOENV’, ‘ENCLOS’, ‘EXTPTR_PROT’, ‘EXTPTR_TAG’, ‘FORMALS’, ‘FRAME’, ‘HASHTAB’, ‘OBJECT’, ‘PRENV’, ‘PRVALUE’, ‘R_PromiseExpr’, ‘Rf_allocSExp’, ‘Rf_findVarInFrame3’, ‘SETLENGTH’, ‘SET_BODY’, ‘SET_CLOENV’, ‘SET_FORMALS’, ‘SET_GROWABLE_BIT’, ‘SET_TRUELENGTH’, ‘STRING_PTR’ Compiled code should not call non-API entry points in R. See ‘Writing portable packages’ in the ‘Writing R Extensions’ manual, and section ‘Moving into C API compliance’ for issues with the use of non-API entry points. Flavors: r-devel-linux-x86_64-debian-clang, r-devel-linux-x86_64-debian-gcc, r-devel-linux-x86_64-fedora-clang, r-devel-linux-x86_64-fedora-gcc, r-patched-linux-x86_64, r-release-linux-x86_64, r-release-macos-arm64, r-release-macos-x86_64

Version: 0.3.1
Check: dependencies in R code
Result: NOTE Namespace in Imports field not imported from: ‘lifecycle’ All declared Imports should be used. Flavors: r-devel-linux-x86_64-fedora-clang, r-devel-linux-x86_64-fedora-gcc

Version: 0.3.1
Check: compiled code
Result: NOTE File 'tibblify/libs/x64/tibblify.dll': Found non-API calls to R: 'BODY', 'CLOENV', 'ENCLOS', 'EXTPTR_PROT', 'EXTPTR_TAG', 'FORMALS', 'FRAME', 'HASHTAB', 'OBJECT', 'PRENV', 'PRVALUE', 'R_PromiseExpr', 'Rf_allocSExp', 'Rf_findVarInFrame3', 'SETLENGTH', 'SET_BODY', 'SET_CLOENV', 'SET_FORMALS', 'SET_GROWABLE_BIT', 'SET_TRUELENGTH', 'STRING_PTR' Compiled code should not call non-API entry points in R. See 'Writing portable packages' in the 'Writing R Extensions' manual, and section 'Moving into C API compliance' for issues with the use of non-API entry points. Flavors: r-devel-windows-x86_64, r-release-windows-x86_64