Last updated on 2025-05-03 21:51:34 CEST.
Flavor | Version | Tinstall | Tcheck | Ttotal | Status | Flags |
---|---|---|---|---|---|---|
r-devel-linux-x86_64-debian-clang | 1.2.1 | 1.74 | 21.83 | 23.57 | NOTE | |
r-devel-linux-x86_64-debian-gcc | 1.2.1 | 1.43 | 18.05 | 19.48 | NOTE | |
r-devel-linux-x86_64-fedora-clang | 1.2.1 | 38.04 | OK | |||
r-devel-linux-x86_64-fedora-gcc | 1.2.1 | 35.11 | OK | |||
r-devel-windows-x86_64 | 1.2.1 | 2.00 | 68.00 | 70.00 | OK | |
r-patched-linux-x86_64 | 1.2.1 | 1.85 | 20.67 | 22.52 | OK | |
r-release-linux-x86_64 | OK | |||||
r-release-macos-arm64 | 1.2.1 | 42.00 | OK | |||
r-release-macos-x86_64 | 1.2.1 | 52.00 | OK | |||
r-release-windows-x86_64 | 1.2.1 | 4.00 | 69.00 | 73.00 | OK | |
r-oldrel-macos-arm64 | 1.2.1 | 43.00 | OK | |||
r-oldrel-macos-x86_64 | 1.2.1 | 46.00 | OK | |||
r-oldrel-windows-x86_64 | 1.2.1 | 4.00 | 73.00 | 77.00 | OK |
Version: 1.2.1
Check: CRAN incoming feasibility
Result: NOTE
Maintainer: ‘Sergei Izrailev <sizrailev@jabiruventures.com>’
No Authors@R field in DESCRIPTION.
Please add one, modifying
Authors@R: person(given = "Sergei",
family = "Izrailev",
role = c("aut", "cre"),
email = "sizrailev@jabiruventures.com")
as necessary.
Flavors: r-devel-linux-x86_64-debian-clang, r-devel-linux-x86_64-debian-gcc