Last updated on 2025-11-03 21:50:39 CET.
| Flavor | Version | Tinstall | Tcheck | Ttotal | Status | Flags | 
|---|---|---|---|---|---|---|
| r-devel-linux-x86_64-debian-clang | 0.1.3 | 16.14 | 160.99 | 177.13 | ERROR | |
| r-devel-linux-x86_64-debian-gcc | 0.1.3 | 11.38 | 116.67 | 128.05 | ERROR | |
| r-devel-linux-x86_64-fedora-clang | 0.1.3 | 34.00 | 244.57 | 278.57 | ERROR | |
| r-devel-linux-x86_64-fedora-gcc | 0.1.3 | 34.00 | 235.16 | 269.16 | ERROR | |
| r-devel-windows-x86_64 | 0.1.3 | 16.00 | 172.00 | 188.00 | ERROR | |
| r-patched-linux-x86_64 | 0.1.3 | 14.17 | 154.91 | 169.08 | ERROR | |
| r-release-linux-x86_64 | 0.1.3 | 14.99 | 152.72 | 167.71 | ERROR | |
| r-release-macos-arm64 | 0.1.3 | 6.00 | 64.00 | 70.00 | OK | |
| r-release-macos-x86_64 | 0.1.3 | 11.00 | 128.00 | 139.00 | OK | |
| r-release-windows-x86_64 | 0.1.3 | 18.00 | 173.00 | 191.00 | ERROR | |
| r-oldrel-macos-arm64 | 0.1.3 | 6.00 | 65.00 | 71.00 | OK | |
| r-oldrel-macos-x86_64 | 0.1.3 | 9.00 | 98.00 | 107.00 | OK | |
| r-oldrel-windows-x86_64 | 0.1.3 | 22.00 | 213.00 | 235.00 | ERROR | 
Version: 0.1.3
Check: tests
Result: ERROR
    Running ‘testthat.R’ [44s/49s]
  Running the tests in ‘tests/testthat.R’ failed.
  Complete output:
    > library(testthat)
    > library(EdSurvey)
    Loading required package: car
    Loading required package: carData
    Loading required package: lfactors
    lfactors v1.0.4
    
    Loading required package: Dire
    Dire v2.2.0
    
    EdSurvey v4.0.7
    
    > library(tidyEdSurvey)
    tidyEdSurvey v0.1.3
    A package for using 'dplyr' and 'ggplot2' with student level data in an edsurvey.data.frame. To work with teacher or school level data, see ?EdSurvey::getData
    
    Attaching package: 'tidyEdSurvey'
    
    The following object is masked from 'package:base':
    
        attach
    
    > test_check('tidyEdSurvey')
    [ FAIL 2 | WARN 0 | SKIP 1 | PASS 10 ]
    
    ══ Skipped tests (1) ═══════════════════════════════════════════════════════════
    • On CRAN (1): 'test-dplyr-TIMSS.R:1:1'
    
    ══ Failed tests ════════════════════════════════════════════════════════════════
    ── Failure ('test-ggplot.R:13:3'): density plot with facets and PVs ────────────
    class(p) not equal to c("gg", "ggplot").
    Lengths differ: 5 is not 2
    ── Failure ('test-ggplot.R:21:3'): boxplot with facets and PVs ─────────────────
    class(p) not equal to c("gg", "ggplot").
    Lengths differ: 5 is not 2
    
    [ FAIL 2 | WARN 0 | SKIP 1 | PASS 10 ]
    Error: Test failures
    Execution halted
Flavor: r-devel-linux-x86_64-debian-clang
Version: 0.1.3
Check: tests
Result: ERROR
    Running ‘testthat.R’ [34s/44s]
  Running the tests in ‘tests/testthat.R’ failed.
  Complete output:
    > library(testthat)
    > library(EdSurvey)
    Loading required package: car
    Loading required package: carData
    Loading required package: lfactors
    lfactors v1.0.4
    
    Loading required package: Dire
    Dire v2.2.0
    
    EdSurvey v4.0.7
    
    > library(tidyEdSurvey)
    tidyEdSurvey v0.1.3
    A package for using 'dplyr' and 'ggplot2' with student level data in an edsurvey.data.frame. To work with teacher or school level data, see ?EdSurvey::getData
    
    Attaching package: 'tidyEdSurvey'
    
    The following object is masked from 'package:base':
    
        attach
    
    > test_check('tidyEdSurvey')
    [ FAIL 2 | WARN 0 | SKIP 1 | PASS 10 ]
    
    ══ Skipped tests (1) ═══════════════════════════════════════════════════════════
    • On CRAN (1): 'test-dplyr-TIMSS.R:1:1'
    
    ══ Failed tests ════════════════════════════════════════════════════════════════
    ── Failure ('test-ggplot.R:13:3'): density plot with facets and PVs ────────────
    class(p) not equal to c("gg", "ggplot").
    Lengths differ: 5 is not 2
    ── Failure ('test-ggplot.R:21:3'): boxplot with facets and PVs ─────────────────
    class(p) not equal to c("gg", "ggplot").
    Lengths differ: 5 is not 2
    
    [ FAIL 2 | WARN 0 | SKIP 1 | PASS 10 ]
    Error: Test failures
    Execution halted
Flavor: r-devel-linux-x86_64-debian-gcc
Version: 0.1.3
Check: tests
Result: ERROR
    Running ‘testthat.R’ [73s/92s]
  Running the tests in ‘tests/testthat.R’ failed.
  Complete output:
    > library(testthat)
    > library(EdSurvey)
    Loading required package: car
    Loading required package: carData
    Loading required package: lfactors
    lfactors v1.0.4
    
    Loading required package: Dire
    Dire v2.2.0
    
    EdSurvey v4.0.7
    
    > library(tidyEdSurvey)
    tidyEdSurvey v0.1.3
    A package for using 'dplyr' and 'ggplot2' with student level data in an edsurvey.data.frame. To work with teacher or school level data, see ?EdSurvey::getData
    
    Attaching package: 'tidyEdSurvey'
    
    The following object is masked from 'package:base':
    
        attach
    
    > test_check('tidyEdSurvey')
    [ FAIL 2 | WARN 0 | SKIP 1 | PASS 10 ]
    
    ══ Skipped tests (1) ═══════════════════════════════════════════════════════════
    • On CRAN (1): 'test-dplyr-TIMSS.R:1:1'
    
    ══ Failed tests ════════════════════════════════════════════════════════════════
    ── Failure ('test-ggplot.R:13:3'): density plot with facets and PVs ────────────
    class(p) not equal to c("gg", "ggplot").
    Lengths differ: 5 is not 2
    ── Failure ('test-ggplot.R:21:3'): boxplot with facets and PVs ─────────────────
    class(p) not equal to c("gg", "ggplot").
    Lengths differ: 5 is not 2
    
    [ FAIL 2 | WARN 0 | SKIP 1 | PASS 10 ]
    Error: Test failures
    Execution halted
Flavor: r-devel-linux-x86_64-fedora-clang
Version: 0.1.3
Check: tests
Result: ERROR
    Running ‘testthat.R’ [78s/107s]
  Running the tests in ‘tests/testthat.R’ failed.
  Complete output:
    > library(testthat)
    > library(EdSurvey)
    Loading required package: car
    Loading required package: carData
    Loading required package: lfactors
    lfactors v1.0.4
    
    Loading required package: Dire
    Dire v2.2.0
    
    EdSurvey v4.0.7
    
    > library(tidyEdSurvey)
    tidyEdSurvey v0.1.3
    A package for using 'dplyr' and 'ggplot2' with student level data in an edsurvey.data.frame. To work with teacher or school level data, see ?EdSurvey::getData
    
    Attaching package: 'tidyEdSurvey'
    
    The following object is masked from 'package:base':
    
        attach
    
    > test_check('tidyEdSurvey')
    [ FAIL 2 | WARN 0 | SKIP 1 | PASS 10 ]
    
    ══ Skipped tests (1) ═══════════════════════════════════════════════════════════
    • On CRAN (1): 'test-dplyr-TIMSS.R:1:1'
    
    ══ Failed tests ════════════════════════════════════════════════════════════════
    ── Failure ('test-ggplot.R:13:3'): density plot with facets and PVs ────────────
    class(p) not equal to c("gg", "ggplot").
    Lengths differ: 5 is not 2
    ── Failure ('test-ggplot.R:21:3'): boxplot with facets and PVs ─────────────────
    class(p) not equal to c("gg", "ggplot").
    Lengths differ: 5 is not 2
    
    [ FAIL 2 | WARN 0 | SKIP 1 | PASS 10 ]
    Error: Test failures
    Execution halted
Flavor: r-devel-linux-x86_64-fedora-gcc
Version: 0.1.3
Check: tests
Result: ERROR
    Running 'testthat.R' [60s]
  Running the tests in 'tests/testthat.R' failed.
  Complete output:
    > library(testthat)
    > library(EdSurvey)
    Loading required package: car
    Loading required package: carData
    Loading required package: lfactors
    lfactors v1.0.4
    
    Loading required package: Dire
    Dire v2.2.0
    
    EdSurvey v4.0.7
    
    > library(tidyEdSurvey)
    tidyEdSurvey v0.1.3
    A package for using 'dplyr' and 'ggplot2' with student level data in an edsurvey.data.frame. To work with teacher or school level data, see ?EdSurvey::getData
    
    Attaching package: 'tidyEdSurvey'
    
    The following object is masked from 'package:base':
    
        attach
    
    > test_check('tidyEdSurvey')
    [ FAIL 2 | WARN 0 | SKIP 1 | PASS 10 ]
    
    ══ Skipped tests (1) ═══════════════════════════════════════════════════════════
    • On CRAN (1): 'test-dplyr-TIMSS.R:1:1'
    
    ══ Failed tests ════════════════════════════════════════════════════════════════
    ── Failure ('test-ggplot.R:13:3'): density plot with facets and PVs ────────────
    class(p) not equal to c("gg", "ggplot").
    Lengths differ: 5 is not 2
    ── Failure ('test-ggplot.R:21:3'): boxplot with facets and PVs ─────────────────
    class(p) not equal to c("gg", "ggplot").
    Lengths differ: 5 is not 2
    
    [ FAIL 2 | WARN 0 | SKIP 1 | PASS 10 ]
    Error: Test failures
    Execution halted
Flavor: r-devel-windows-x86_64
Version: 0.1.3
Check: tests
Result: ERROR
    Running ‘testthat.R’ [45s/56s]
  Running the tests in ‘tests/testthat.R’ failed.
  Complete output:
    > library(testthat)
    > library(EdSurvey)
    Loading required package: car
    Loading required package: carData
    Loading required package: lfactors
    lfactors v1.0.4
    
    Loading required package: Dire
    Dire v2.2.0
    
    EdSurvey v4.0.7
    
    > library(tidyEdSurvey)
    tidyEdSurvey v0.1.3
    A package for using 'dplyr' and 'ggplot2' with student level data in an edsurvey.data.frame. To work with teacher or school level data, see ?EdSurvey::getData
    
    Attaching package: 'tidyEdSurvey'
    
    The following object is masked from 'package:base':
    
        attach
    
    > test_check('tidyEdSurvey')
    [ FAIL 2 | WARN 0 | SKIP 1 | PASS 10 ]
    
    ══ Skipped tests (1) ═══════════════════════════════════════════════════════════
    • On CRAN (1): 'test-dplyr-TIMSS.R:1:1'
    
    ══ Failed tests ════════════════════════════════════════════════════════════════
    ── Failure ('test-ggplot.R:13:3'): density plot with facets and PVs ────────────
    class(p) not equal to c("gg", "ggplot").
    Lengths differ: 5 is not 2
    ── Failure ('test-ggplot.R:21:3'): boxplot with facets and PVs ─────────────────
    class(p) not equal to c("gg", "ggplot").
    Lengths differ: 5 is not 2
    
    [ FAIL 2 | WARN 0 | SKIP 1 | PASS 10 ]
    Error: Test failures
    Execution halted
Flavor: r-patched-linux-x86_64
Version: 0.1.3
Check: tests
Result: ERROR
    Running ‘testthat.R’ [43s/55s]
  Running the tests in ‘tests/testthat.R’ failed.
  Complete output:
    > library(testthat)
    > library(EdSurvey)
    Loading required package: car
    Loading required package: carData
    Loading required package: lfactors
    lfactors v1.0.4
    
    Loading required package: Dire
    Dire v2.2.0
    
    EdSurvey v4.0.7
    
    > library(tidyEdSurvey)
    tidyEdSurvey v0.1.3
    A package for using 'dplyr' and 'ggplot2' with student level data in an edsurvey.data.frame. To work with teacher or school level data, see ?EdSurvey::getData
    
    Attaching package: 'tidyEdSurvey'
    
    The following object is masked from 'package:base':
    
        attach
    
    > test_check('tidyEdSurvey')
    [ FAIL 2 | WARN 0 | SKIP 1 | PASS 10 ]
    
    ══ Skipped tests (1) ═══════════════════════════════════════════════════════════
    • On CRAN (1): 'test-dplyr-TIMSS.R:1:1'
    
    ══ Failed tests ════════════════════════════════════════════════════════════════
    ── Failure ('test-ggplot.R:13:3'): density plot with facets and PVs ────────────
    class(p) not equal to c("gg", "ggplot").
    Lengths differ: 5 is not 2
    ── Failure ('test-ggplot.R:21:3'): boxplot with facets and PVs ─────────────────
    class(p) not equal to c("gg", "ggplot").
    Lengths differ: 5 is not 2
    
    [ FAIL 2 | WARN 0 | SKIP 1 | PASS 10 ]
    Error: Test failures
    Execution halted
Flavor: r-release-linux-x86_64
Version: 0.1.3
Check: tests
Result: ERROR
    Running 'testthat.R' [61s]
  Running the tests in 'tests/testthat.R' failed.
  Complete output:
    > library(testthat)
    > library(EdSurvey)
    Loading required package: car
    Loading required package: carData
    Loading required package: lfactors
    lfactors v1.0.4
    
    Loading required package: Dire
    Dire v2.2.0
    
    EdSurvey v4.0.7
    
    > library(tidyEdSurvey)
    tidyEdSurvey v0.1.3
    A package for using 'dplyr' and 'ggplot2' with student level data in an edsurvey.data.frame. To work with teacher or school level data, see ?EdSurvey::getData
    
    Attaching package: 'tidyEdSurvey'
    
    The following object is masked from 'package:base':
    
        attach
    
    > test_check('tidyEdSurvey')
    [ FAIL 2 | WARN 0 | SKIP 1 | PASS 10 ]
    
    ══ Skipped tests (1) ═══════════════════════════════════════════════════════════
    • On CRAN (1): 'test-dplyr-TIMSS.R:1:1'
    
    ══ Failed tests ════════════════════════════════════════════════════════════════
    ── Failure ('test-ggplot.R:13:3'): density plot with facets and PVs ────────────
    class(p) not equal to c("gg", "ggplot").
    Lengths differ: 5 is not 2
    ── Failure ('test-ggplot.R:21:3'): boxplot with facets and PVs ─────────────────
    class(p) not equal to c("gg", "ggplot").
    Lengths differ: 5 is not 2
    
    [ FAIL 2 | WARN 0 | SKIP 1 | PASS 10 ]
    Error: Test failures
    Execution halted
Flavor: r-release-windows-x86_64
Version: 0.1.3
Check: tests
Result: ERROR
    Running 'testthat.R' [69s]
  Running the tests in 'tests/testthat.R' failed.
  Complete output:
    > library(testthat)
    > library(EdSurvey)
    Loading required package: car
    Loading required package: carData
    Loading required package: lfactors
    lfactors v1.0.4
    
    Loading required package: Dire
    Dire v2.2.0
    
    EdSurvey v4.0.7
    
    > library(tidyEdSurvey)
    tidyEdSurvey v0.1.3
    A package for using 'dplyr' and 'ggplot2' with student level data in an edsurvey.data.frame. To work with teacher or school level data, see ?EdSurvey::getData
    
    Attaching package: 'tidyEdSurvey'
    
    The following object is masked from 'package:base':
    
        attach
    
    > test_check('tidyEdSurvey')
    [ FAIL 2 | WARN 0 | SKIP 1 | PASS 10 ]
    
    ══ Skipped tests (1) ═══════════════════════════════════════════════════════════
    • On CRAN (1): 'test-dplyr-TIMSS.R:1:1'
    
    ══ Failed tests ════════════════════════════════════════════════════════════════
    ── Failure ('test-ggplot.R:13:3'): density plot with facets and PVs ────────────
    class(p) not equal to c("gg", "ggplot").
    Lengths differ: 5 is not 2
    ── Failure ('test-ggplot.R:21:3'): boxplot with facets and PVs ─────────────────
    class(p) not equal to c("gg", "ggplot").
    Lengths differ: 5 is not 2
    
    [ FAIL 2 | WARN 0 | SKIP 1 | PASS 10 ]
    Error: Test failures
    Execution halted
Flavor: r-oldrel-windows-x86_64