Last updated on 2025-11-01 06:49:21 CET.
| Flavor | Version | Tinstall | Tcheck | Ttotal | Status | Flags |
|---|---|---|---|---|---|---|
| r-devel-linux-x86_64-debian-clang | 1.13.1 | 21.37 | 347.89 | 369.26 | OK | |
| r-devel-linux-x86_64-debian-gcc | 1.13.1 | 14.18 | 236.11 | 250.29 | OK | |
| r-devel-linux-x86_64-fedora-clang | 1.13.1 | 47.00 | 495.43 | 542.43 | OK | |
| r-devel-linux-x86_64-fedora-gcc | 1.13.1 | 91.00 | 485.59 | 576.59 | OK | |
| r-devel-windows-x86_64 | 1.12.2 | 20.00 | 243.00 | 263.00 | OK | |
| r-patched-linux-x86_64 | 1.12.3 | 20.21 | 317.75 | 337.96 | OK | |
| r-release-linux-x86_64 | 1.12.2 | 18.67 | 321.07 | 339.74 | OK | |
| r-release-macos-arm64 | 1.13.1 | 7.00 | 115.00 | 122.00 | OK | |
| r-release-macos-x86_64 | 1.13.1 | 28.00 | 294.00 | 322.00 | OK | |
| r-release-windows-x86_64 | 1.13.1 | 21.00 | 246.00 | 267.00 | OK | |
| r-oldrel-macos-arm64 | 1.13.1 | 7.00 | 119.00 | 126.00 | NOTE | |
| r-oldrel-macos-x86_64 | 1.13.1 | 19.00 | 302.00 | 321.00 | NOTE | |
| r-oldrel-windows-x86_64 | 1.13.1 | 30.00 | 265.00 | 295.00 | NOTE |
Version: 1.13.1
Check: installed package size
Result: NOTE
installed size is 6.1Mb
sub-directories of 1Mb or more:
doc 5.1Mb
Flavors: r-oldrel-macos-arm64, r-oldrel-macos-x86_64, r-oldrel-windows-x86_64