Last updated on 2024-06-17 06:50:34 CEST.
Flavor | Version | Tinstall | Tcheck | Ttotal | Status | Flags |
---|---|---|---|---|---|---|
r-devel-linux-x86_64-debian-clang | 1.7.8 | 8.27 | 121.81 | 130.08 | OK | |
r-devel-linux-x86_64-debian-gcc | 1.7.9 | 4.79 | 96.24 | 101.03 | OK | |
r-devel-linux-x86_64-fedora-clang | 1.7.9 | 178.84 | NOTE | |||
r-devel-linux-x86_64-fedora-gcc | 1.7.9 | 174.31 | OK | |||
r-devel-windows-x86_64 | 1.7.9 | 7.00 | 121.00 | 128.00 | OK | |
r-patched-linux-x86_64 | 1.7.8 | 12.53 | 124.50 | 137.03 | OK | |
r-release-linux-x86_64 | 1.7.9 | 6.81 | 124.98 | 131.79 | OK | |
r-release-macos-arm64 | 1.7.9 | 80.00 | OK | |||
r-release-macos-x86_64 | 1.7.9 | 169.00 | OK | |||
r-release-windows-x86_64 | 1.7.8 | 7.00 | 123.00 | 130.00 | OK | |
r-oldrel-macos-arm64 | 1.7.9 | 115.00 | ERROR | |||
r-oldrel-macos-x86_64 | 1.7.9 | 201.00 | ERROR | |||
r-oldrel-windows-x86_64 | 1.7.9 | 9.00 | 120.00 | 129.00 | OK |
Version: 1.7.9
Check: Rd cross-references
Result: NOTE
Undeclared packages ‘fastDummies’, ‘readr’, ‘widyr’, ‘pacman’, ‘sjmisc’ in Rd xrefs
Flavor: r-devel-linux-x86_64-fedora-clang
Version: 1.7.9
Check: running R code from vignettes
Result: ERROR
Errors in running code in vignettes:
when running code in ‘example1_intro.Rmd’
...
264: JFK SAN 9 0.9666667 12.600000
265: EWR LAX 9 -0.3103448 -2.517241
266: JFK SEA 9 -6.6333333 8.566667
> flights %>% filter_dt(carrier == "AA") %>% group_dt(by = .(origin,
+ dest, month), at_dt("_delay", summarise_dt, mean))
When sourcing ‘example1_intro.R’:
Error: could not find function "at_dt"
Execution halted
‘benchmark.Rmd’ using ‘UTF-8’... [6s/7s] OK
‘chinese_tutorial.Rmd’ using ‘UTF-8’... [3s/4s] OK
‘english_tutorial.Rmd’ using ‘UTF-8’... [1s/1s] OK
‘example1_intro.Rmd’ using ‘UTF-8’... failed
‘example2_join.Rmd’ using ‘UTF-8’... [3s/4s] OK
‘example3_reshape.Rmd’ using ‘UTF-8’... [1s/1s] OK
‘example4_nest.Rmd’ using ‘UTF-8’... [1s/1s] OK
‘example5_fst.Rmd’ using ‘UTF-8’... [11s/12s] OK
‘example6_dt.Rmd’ using ‘UTF-8’... [1s/1s] OK
Flavor: r-oldrel-macos-arm64
Version: 1.7.9
Check: running R code from vignettes
Result: ERROR
Errors in running code in vignettes:
when running code in ‘example1_intro.Rmd’
...
264: JFK SAN 9 0.9666667 12.600000
265: EWR LAX 9 -0.3103448 -2.517241
266: JFK SEA 9 -6.6333333 8.566667
> flights %>% filter_dt(carrier == "AA") %>% group_dt(by = .(origin,
+ dest, month), at_dt("_delay", summarise_dt, mean))
When sourcing ‘example1_intro.R’:
Error: could not find function "at_dt"
Execution halted
‘benchmark.Rmd’ using ‘UTF-8’... [8s/14s] OK
‘chinese_tutorial.Rmd’ using ‘UTF-8’... [4s/8s] OK
‘english_tutorial.Rmd’ using ‘UTF-8’... [1s/2s] OK
‘example1_intro.Rmd’ using ‘UTF-8’... failed
‘example2_join.Rmd’ using ‘UTF-8’... [4s/6s] OK
‘example3_reshape.Rmd’ using ‘UTF-8’... [1s/2s] OK
‘example4_nest.Rmd’ using ‘UTF-8’... [1s/1s] OK
‘example5_fst.Rmd’ using ‘UTF-8’... [14s/29s] OK
‘example6_dt.Rmd’ using ‘UTF-8’... [1s/2s] OK
Flavor: r-oldrel-macos-x86_64