Last updated on 2025-07-23 21:52:01 CEST.
Flavor | Version | Tinstall | Tcheck | Ttotal | Status | Flags |
---|---|---|---|---|---|---|
r-devel-linux-x86_64-debian-clang | 0.2.0 | 4.50 | 48.80 | 53.30 | NOTE | |
r-devel-linux-x86_64-debian-gcc | 0.2.0 | 2.77 | 36.10 | 38.87 | NOTE | |
r-devel-linux-x86_64-fedora-clang | 0.2.0 | 77.60 | NOTE | |||
r-devel-linux-x86_64-fedora-gcc | 0.2.0 | 74.61 | NOTE | |||
r-devel-windows-x86_64 | 0.2.0 | 5.00 | 70.00 | 75.00 | NOTE | |
r-patched-linux-x86_64 | 0.2.0 | 5.02 | 43.85 | 48.87 | NOTE | |
r-release-linux-x86_64 | 0.2.0 | 4.09 | 43.48 | 47.57 | NOTE | |
r-release-macos-arm64 | 0.2.0 | 29.00 | NOTE | |||
r-release-macos-x86_64 | 0.2.0 | 51.00 | OK | |||
r-release-windows-x86_64 | 0.2.0 | 5.00 | 66.00 | 71.00 | NOTE | |
r-oldrel-macos-arm64 | 0.2.0 | 32.00 | OK | |||
r-oldrel-macos-x86_64 | 0.2.0 | 43.00 | OK | |||
r-oldrel-windows-x86_64 | 0.2.0 | 7.00 | 77.00 | 84.00 | OK |
Version: 0.2.0
Check: DESCRIPTION meta-information
Result: NOTE
Missing dependency on R >= 4.1.0 because package code uses the pipe
|> or function shorthand \(...) syntax added in R 4.1.0.
File(s) using such syntax:
‘summarise2.Rd’
Flavors: r-devel-linux-x86_64-debian-clang, r-devel-linux-x86_64-debian-gcc, r-devel-linux-x86_64-fedora-clang, r-devel-linux-x86_64-fedora-gcc, r-devel-windows-x86_64, r-patched-linux-x86_64, r-release-linux-x86_64, r-release-macos-arm64, r-release-windows-x86_64