Last updated on 2025-05-03 12:54:57 CEST.
Flavor | Version | Tinstall | Tcheck | Ttotal | Status | Flags |
---|---|---|---|---|---|---|
r-devel-linux-x86_64-debian-clang | 0.2.0 | 4.17 | 48.44 | 52.61 | NOTE | |
r-devel-linux-x86_64-debian-gcc | 0.2.0 | 3.05 | 35.19 | 38.24 | NOTE | |
r-devel-linux-x86_64-fedora-clang | 0.2.0 | 82.14 | NOTE | |||
r-devel-linux-x86_64-fedora-gcc | 0.2.0 | 73.89 | NOTE | |||
r-devel-windows-x86_64 | 0.2.0 | 5.00 | 65.00 | 70.00 | NOTE | |
r-patched-linux-x86_64 | 0.2.0 | 4.73 | 44.47 | 49.20 | NOTE | |
r-release-linux-x86_64 | NOTE | |||||
r-release-macos-arm64 | 0.2.0 | 29.00 | NOTE | |||
r-release-macos-x86_64 | 0.2.0 | 51.00 | OK | |||
r-release-windows-x86_64 | 0.2.0 | 7.00 | 65.00 | 72.00 | NOTE | |
r-oldrel-macos-arm64 | 0.2.0 | 32.00 | OK | |||
r-oldrel-macos-x86_64 | 0.2.0 | 43.00 | OK | |||
r-oldrel-windows-x86_64 | 0.2.0 | 8.00 | 76.00 | 84.00 | OK |
Version: 0.2.0
Check: DESCRIPTION meta-information
Result: NOTE
Missing dependency on R >= 4.1.0 because package code uses the pipe
|> or function shorthand \(...) syntax added in R 4.1.0.
File(s) using such syntax:
‘summarise2.Rd’
Flavors: r-devel-linux-x86_64-debian-clang, r-devel-linux-x86_64-debian-gcc, r-devel-linux-x86_64-fedora-clang, r-devel-linux-x86_64-fedora-gcc, r-devel-windows-x86_64, r-patched-linux-x86_64, r-release-linux-x86_64, r-release-macos-arm64, r-release-windows-x86_64