Last updated on 2025-07-22 12:49:48 CEST.
Flavor | Version | Tinstall | Tcheck | Ttotal | Status | Flags |
---|---|---|---|---|---|---|
r-devel-linux-x86_64-debian-clang | 0.8.0 | 24.82 | 271.07 | 295.89 | NOTE | |
r-devel-linux-x86_64-debian-gcc | 0.8.0 | 16.59 | 185.24 | 201.83 | NOTE | |
r-devel-linux-x86_64-fedora-clang | 0.8.0 | 398.05 | OK | |||
r-devel-linux-x86_64-fedora-gcc | 0.8.0 | 499.02 | OK | |||
r-devel-windows-x86_64 | 0.8.0 | 27.00 | 245.00 | 272.00 | NOTE | |
r-patched-linux-x86_64 | 0.8.0 | 25.38 | 255.42 | 280.80 | NOTE | |
r-release-linux-x86_64 | 0.8.0 | 26.46 | 256.26 | 282.72 | NOTE | |
r-release-macos-arm64 | 0.8.0 | 117.00 | OK | |||
r-release-macos-x86_64 | 0.8.0 | 237.00 | OK | |||
r-release-windows-x86_64 | 0.8.0 | 28.00 | 240.00 | 268.00 | NOTE | |
r-oldrel-macos-arm64 | 0.8.0 | 122.00 | NOTE | |||
r-oldrel-macos-x86_64 | 0.8.0 | 184.00 | OK | |||
r-oldrel-windows-x86_64 | 0.8.0 | 36.00 | 330.00 | 366.00 | OK |
Version: 0.8.0
Check: Rd cross-references
Result: NOTE
Found the following Rd file(s) with Rd \link{} targets missing package
anchors:
formatting.Rd: tbl_format_setup
Please provide package anchors for all Rd \link{} targets not in the
package itself and the base packages.
Flavors: r-devel-linux-x86_64-debian-clang, r-devel-linux-x86_64-debian-gcc, r-devel-windows-x86_64, r-patched-linux-x86_64, r-release-linux-x86_64, r-release-windows-x86_64
Version: 0.8.0
Check: package dependencies
Result: NOTE
Package suggested but not available for checking: ‘SingleR’
Flavor: r-oldrel-macos-arm64