Last updated on 2025-05-06 03:51:19 CEST.
Flavor | Version | Tinstall | Tcheck | Ttotal | Status | Flags |
---|---|---|---|---|---|---|
r-devel-linux-x86_64-debian-clang | 1.0.11 | 4.04 | 29.34 | 33.38 | NOTE | |
r-devel-linux-x86_64-debian-gcc | 1.0.11 | 2.63 | 22.26 | 24.89 | NOTE | |
r-devel-linux-x86_64-fedora-clang | 1.0.11 | 52.74 | OK | |||
r-devel-linux-x86_64-fedora-gcc | 1.0.11 | 49.97 | OK | |||
r-devel-windows-x86_64 | 1.0.11 | 5.00 | 49.00 | 54.00 | OK | |
r-patched-linux-x86_64 | 1.0.11 | 4.06 | 28.07 | 32.13 | OK | |
r-release-linux-x86_64 | 1.0.11 | 3.78 | 27.80 | 31.58 | OK | |
r-release-macos-arm64 | 1.0.11 | 19.00 | OK | |||
r-release-macos-x86_64 | 1.0.11 | 32.00 | OK | |||
r-release-windows-x86_64 | 1.0.11 | 5.00 | 49.00 | 54.00 | OK | |
r-oldrel-macos-arm64 | 1.0.11 | 18.00 | OK | |||
r-oldrel-macos-x86_64 | 1.0.11 | 28.00 | OK | |||
r-oldrel-windows-x86_64 | 1.0.11 | 4.00 | 57.00 | 61.00 | OK |
Version: 1.0.11
Check: CRAN incoming feasibility
Result: NOTE
Maintainer: ‘Hyungsuk Tak <hyungsuk.tak@gmail.com>’
No Authors@R field in DESCRIPTION.
Please add one, modifying
Authors@R: c(person(given = "Hyungsuk",
family = "Tak",
role = c("aut", "cre"),
email = "hyungsuk.tak@gmail.com"),
person(given = "Kaisey",
family = "Mandel",
role = "aut"),
person(given = c("David", "A."),
family = "van Dyk",
role = "aut"),
person(given = c("Vinay", "L."),
family = "Kashyap",
role = "aut"),
person(given = "Xiao-Li",
family = "Meng",
role = "aut"),
person(given = "Aneta",
family = "Siemiginowska",
role = "aut"),
person(given = "Zhirui",
family = "Hu",
role = "aut"))
as necessary.
The Description field contains
<arXiv:2005.08049>.
Please refer to arXiv e-prints via their arXiv DOI <doi:10.48550/arXiv.YYMM.NNNNN>.
Flavors: r-devel-linux-x86_64-debian-clang, r-devel-linux-x86_64-debian-gcc