Last updated on 2025-05-03 21:51:34 CEST.
Flavor | Version | Tinstall | Tcheck | Ttotal | Status | Flags |
---|---|---|---|---|---|---|
r-devel-linux-x86_64-debian-clang | 1.0.0-1.1.2 | 6.57 | 64.49 | 71.06 | NOTE | |
r-devel-linux-x86_64-debian-gcc | 1.0.0-1.1.2 | 4.64 | 48.53 | 53.17 | NOTE | |
r-devel-linux-x86_64-fedora-clang | 1.0.0-1.1.2 | 112.15 | NOTE | |||
r-devel-linux-x86_64-fedora-gcc | 1.0.0-1.1.2 | 119.55 | NOTE | |||
r-devel-windows-x86_64 | 1.0.0-1.1.2 | 8.00 | 93.00 | 101.00 | NOTE | |
r-patched-linux-x86_64 | 1.0.0-1.1.2 | 6.80 | 61.21 | 68.01 | NOTE | |
r-release-linux-x86_64 | NOTE | |||||
r-release-macos-arm64 | 1.0.0-1.1.2 | 55.00 | NOTE | |||
r-release-macos-x86_64 | 1.0.0-1.1.2 | 88.00 | NOTE | |||
r-release-windows-x86_64 | 1.0.0-1.1.2 | 8.00 | 91.00 | 99.00 | NOTE | |
r-oldrel-macos-arm64 | 1.0.0-1.1.2 | 42.00 | NOTE | |||
r-oldrel-macos-x86_64 | 1.0.0-1.1.2 | 66.00 | NOTE | |||
r-oldrel-windows-x86_64 | 1.0.0-1.1.2 | 10.00 | 106.00 | 116.00 | NOTE |
Version: 1.0.0-1.1.2
Check: Rd files
Result: NOTE
checkRd: (-1) setup_sql_functions.Rd:5: Lost braces; missing escapes or markup?
5 | \title{Install {timeseriesdb} System Functions}
| ^
checkRd: (-1) setup_sql_functions.Rd:17: Lost braces; missing escapes or markup?
17 | Installs functions needed to operated {timeseriesdb} in
| ^
checkRd: (-1) setup_sql_grant_rights.Rd:5: Lost braces; missing escapes or markup?
5 | \title{Grant execute on {timeseriesdb} functions}
| ^
checkRd: (-1) setup_sql_grant_rights.Rd:17: Lost braces; missing escapes or markup?
17 | Grant execute on {timeseriesdb} functions
| ^
checkRd: (-1) setup_sql_tables.Rd:5: Lost braces; missing escapes or markup?
5 | \title{Install {timeseriesdb} System Tables}
| ^
checkRd: (-1) setup_sql_tables.Rd:17: Lost braces; missing escapes or markup?
17 | Installs tables needed to operated {timeseriesdb} in
| ^
checkRd: (-1) setup_sql_triggers.Rd:5: Lost braces; missing escapes or markup?
5 | \title{Install {timeseriesdb} Triggers}
| ^
Flavors: r-devel-linux-x86_64-debian-clang, r-devel-linux-x86_64-debian-gcc, r-devel-linux-x86_64-fedora-clang, r-devel-linux-x86_64-fedora-gcc, r-devel-windows-x86_64, r-patched-linux-x86_64, r-release-linux-x86_64, r-release-macos-arm64, r-release-macos-x86_64, r-release-windows-x86_64, r-oldrel-macos-arm64, r-oldrel-macos-x86_64, r-oldrel-windows-x86_64