Last updated on 2025-05-03 12:54:57 CEST.
Flavor | Version | Tinstall | Tcheck | Ttotal | Status | Flags |
---|---|---|---|---|---|---|
r-devel-linux-x86_64-debian-clang | 0.2.0 | 3.46 | 34.32 | 37.78 | NOTE | |
r-devel-linux-x86_64-debian-gcc | 0.2.0 | 2.10 | 27.60 | 29.70 | NOTE | |
r-devel-linux-x86_64-fedora-clang | 0.2.0 | 57.36 | NOTE | |||
r-devel-linux-x86_64-fedora-gcc | 0.2.0 | 69.35 | NOTE | |||
r-devel-windows-x86_64 | 0.2.0 | 4.00 | 56.00 | 60.00 | NOTE | |
r-patched-linux-x86_64 | 0.2.0 | 3.53 | 31.23 | 34.76 | NOTE | |
r-release-linux-x86_64 | NOTE | |||||
r-release-macos-arm64 | 0.2.0 | 42.00 | NOTE | |||
r-release-macos-x86_64 | 0.2.0 | 60.00 | NOTE | |||
r-release-windows-x86_64 | 0.2.0 | 5.00 | 57.00 | 62.00 | NOTE | |
r-oldrel-macos-arm64 | 0.2.0 | 27.00 | NOTE | |||
r-oldrel-macos-x86_64 | 0.2.0 | 46.00 | NOTE | |||
r-oldrel-windows-x86_64 | 0.2.0 | 6.00 | 63.00 | 69.00 | NOTE |
Version: 0.2.0
Check: Rd files
Result: NOTE
checkRd: (-1) add_md.Rd:10: Lost braces; missing escapes or markup?
10 | \item{body}{an XML object generated via {tinkr}}
| ^
checkRd: (-1) md_ns.Rd:13: Lost braces; missing escapes or markup?
13 | The {commonmark} package is used to translate markdown to XML, but it does
| ^
checkRd: (-1) md_ns.Rd:14: Lost braces; missing escapes or markup?
14 | not assign a namespace prefix, which means that {xml2} will auto-assign a
| ^
checkRd: (-1) stylesheet.Rd:5: Lost braces; missing escapes or markup?
5 | \title{The {tinkr} stylesheet}
| ^
checkRd: (-1) stylesheet.Rd:14: Lost braces; missing escapes or markup?
14 | This function returns the path to the {tinkr} stylesheet
| ^
checkRd: (-1) stylesheet.Rd:11: Lost braces; missing escapes or markup?
11 | stylesheet used by {tinkr}.
| ^
Flavors: r-devel-linux-x86_64-debian-clang, r-devel-linux-x86_64-debian-gcc, r-devel-linux-x86_64-fedora-clang, r-devel-linux-x86_64-fedora-gcc, r-devel-windows-x86_64, r-patched-linux-x86_64, r-release-linux-x86_64, r-release-macos-arm64, r-release-macos-x86_64, r-release-windows-x86_64, r-oldrel-macos-arm64, r-oldrel-macos-x86_64, r-oldrel-windows-x86_64