Last updated on 2025-05-03 21:51:35 CEST.
Flavor | Version | Tinstall | Tcheck | Ttotal | Status | Flags |
---|---|---|---|---|---|---|
r-devel-linux-x86_64-debian-clang | 0.2-10 | 2.87 | 29.76 | 32.63 | NOTE | |
r-devel-linux-x86_64-debian-gcc | 0.2-10 | 2.49 | 22.09 | 24.58 | NOTE | |
r-devel-linux-x86_64-fedora-clang | 0.2-10 | 54.21 | OK | |||
r-devel-linux-x86_64-fedora-gcc | 0.2-10 | 47.98 | OK | |||
r-devel-windows-x86_64 | 0.2-10 | 4.00 | 61.00 | 65.00 | OK | |
r-patched-linux-x86_64 | 0.2-10 | 2.71 | 28.45 | 31.16 | OK | |
r-release-linux-x86_64 | OK | |||||
r-release-macos-arm64 | 0.2-10 | 20.00 | OK | |||
r-release-macos-x86_64 | 0.2-10 | 34.00 | OK | |||
r-release-windows-x86_64 | 0.2-10 | 4.00 | 49.00 | 53.00 | OK | |
r-oldrel-macos-arm64 | 0.2-10 | 19.00 | OK | |||
r-oldrel-macos-x86_64 | 0.2-10 | 27.00 | OK | |||
r-oldrel-windows-x86_64 | 0.2-10 | 6.00 | 54.00 | 60.00 | OK |
Version: 0.2-10
Check: CRAN incoming feasibility
Result: NOTE
Maintainer: ‘Stefan Theussl <Stefan.Theussl@R-project.org>’
Package CITATION file contains call(s) to old-style personList() or
as.personList(). Please use c() on person objects instead.
Package CITATION file contains call(s) to old-style citEntry(). Please
use bibentry() instead.
Flavors: r-devel-linux-x86_64-debian-clang, r-devel-linux-x86_64-debian-gcc