CRAN Package Check Results for Package tntpr

Last updated on 2025-05-03 12:54:57 CEST.

Flavor Version Tinstall Tcheck Ttotal Status Flags
r-devel-linux-x86_64-debian-clang 1.2.1 8.04 92.15 100.19 NOTE
r-devel-linux-x86_64-debian-gcc 1.2.1 5.63 67.20 72.83 NOTE
r-devel-linux-x86_64-fedora-clang 1.2.1 153.92 NOTE
r-devel-linux-x86_64-fedora-gcc 1.2.1 163.90 NOTE
r-devel-windows-x86_64 1.2.1 10.00 113.00 123.00 NOTE
r-patched-linux-x86_64 1.2.1 8.86 87.31 96.17 NOTE
r-release-linux-x86_64 NOTE
r-release-macos-arm64 1.2.1 51.00 NOTE
r-release-macos-x86_64 1.2.1 87.00 NOTE
r-release-windows-x86_64 1.2.1 11.00 112.00 123.00 NOTE
r-oldrel-macos-arm64 1.2.1 55.00 OK
r-oldrel-macos-x86_64 1.2.1 84.00 OK
r-oldrel-windows-x86_64 1.2.1 13.00 140.00 153.00 OK

Check Details

Version: 1.2.1
Check: DESCRIPTION meta-information
Result: NOTE Missing dependency on R >= 4.2.0 because package code uses the pipe placeholder syntax added in R 4.2.0. File(s) using such syntax: ‘position_diverge.R’ Flavors: r-devel-linux-x86_64-debian-clang, r-devel-linux-x86_64-debian-gcc, r-devel-linux-x86_64-fedora-clang, r-devel-linux-x86_64-fedora-gcc, r-devel-windows-x86_64, r-patched-linux-x86_64, r-release-linux-x86_64, r-release-macos-arm64, r-release-windows-x86_64

Version: 1.2.1
Check: DESCRIPTION meta-information
Result: NOTE Missing dependency on R >= 4.1.0 because package code uses the pipe |> or function shorthand \(...) syntax added in R 4.1.0. File(s) using such syntax: ‘bar_chart_counts.R’ ‘date_to_sy.R’ ‘factorize.R’ ‘position_diverge.R’ ‘setup_repo.R’ ‘sp_.R’ ‘survey_utils.R’ ‘tntp_colors.R’ Flavor: r-release-macos-x86_64