Last updated on 2025-05-03 21:51:35 CEST.
Flavor | Version | Tinstall | Tcheck | Ttotal | Status | Flags |
---|---|---|---|---|---|---|
r-devel-linux-x86_64-debian-clang | 1.3-0.0 | 2.67 | 28.62 | 31.29 | NOTE | |
r-devel-linux-x86_64-debian-gcc | 1.3-0.0 | 1.95 | 23.23 | 25.18 | NOTE | |
r-devel-linux-x86_64-fedora-clang | 1.3-0.0 | 50.23 | OK | |||
r-devel-linux-x86_64-fedora-gcc | 1.3-0.0 | 60.64 | OK | |||
r-devel-windows-x86_64 | 1.3-0.0 | 4.00 | 51.00 | 55.00 | OK | |
r-patched-linux-x86_64 | 1.3-0.0 | 2.36 | 27.41 | 29.77 | OK | |
r-release-linux-x86_64 | OK | |||||
r-release-macos-arm64 | 1.3-0.0 | 37.00 | OK | |||
r-release-macos-x86_64 | 1.3-0.0 | 48.00 | OK | |||
r-release-windows-x86_64 | 1.3-0.0 | 5.00 | 51.00 | 56.00 | OK | |
r-oldrel-macos-arm64 | 1.3-0.0 | 26.00 | OK | |||
r-oldrel-macos-x86_64 | 1.3-0.0 | 40.00 | OK | |||
r-oldrel-windows-x86_64 | 1.3-0.0 | 5.00 | 57.00 | 62.00 | OK |
Version: 1.3-0.0
Check: CRAN incoming feasibility
Result: NOTE
Maintainer: ‘Damian W. Betebenner <dbetebenner@nciea.org>’
Package CITATION file contains call(s) to old-style citEntry(). Please
use bibentry() instead.
Flavors: r-devel-linux-x86_64-debian-clang, r-devel-linux-x86_64-debian-gcc