Last updated on 2025-05-04 03:51:09 CEST.
Flavor | Version | Tinstall | Tcheck | Ttotal | Status | Flags |
---|---|---|---|---|---|---|
r-devel-linux-x86_64-debian-clang | 0.3.5 | 9.76 | 124.37 | 134.13 | NOTE | |
r-devel-linux-x86_64-debian-gcc | 0.3.6 | 5.95 | 86.53 | 92.48 | OK | |
r-devel-linux-x86_64-fedora-clang | 0.3.6 | 214.65 | OK | |||
r-devel-linux-x86_64-fedora-gcc | 0.3.6 | 215.76 | OK | |||
r-devel-windows-x86_64 | 0.3.6 | 11.00 | 129.00 | 140.00 | OK | |
r-patched-linux-x86_64 | 0.3.6 | 7.56 | 117.39 | 124.95 | OK | |
r-release-linux-x86_64 | OK | |||||
r-release-macos-arm64 | 0.3.6 | 69.00 | OK | |||
r-release-macos-x86_64 | 0.3.6 | 132.00 | OK | |||
r-release-windows-x86_64 | 0.3.6 | 14.00 | 131.00 | 145.00 | OK | |
r-oldrel-macos-arm64 | 0.3.6 | 73.00 | OK | |||
r-oldrel-macos-x86_64 | 0.3.6 | 162.00 | OK | |||
r-oldrel-windows-x86_64 | 0.3.6 | 15.00 | 131.00 | 146.00 | OK |
Version: 0.3.5
Check: CRAN incoming feasibility
Result: NOTE
Maintainer: ‘Jens von Bergmann <jens@mountainmath.ca>’
Package has help file(s) containing later-stage \Sexpr{} expressions
but no 'build/stage23.rdb' file.
Flavor: r-devel-linux-x86_64-debian-clang