Last updated on 2025-05-03 21:51:35 CEST.
Flavor | Version | Tinstall | Tcheck | Ttotal | Status | Flags |
---|---|---|---|---|---|---|
r-devel-linux-x86_64-debian-clang | 2.1.1 | 2.62 | 31.02 | 33.64 | NOTE | |
r-devel-linux-x86_64-debian-gcc | 2.1.1 | 2.10 | 24.33 | 26.43 | NOTE | |
r-devel-linux-x86_64-fedora-clang | 2.1.1 | 54.07 | OK | |||
r-devel-linux-x86_64-fedora-gcc | 2.1.1 | 66.09 | OK | |||
r-devel-windows-x86_64 | 2.1.1 | 4.00 | 57.00 | 61.00 | OK | |
r-patched-linux-x86_64 | 2.1.1 | 2.80 | 29.66 | 32.46 | OK | |
r-release-linux-x86_64 | OK | |||||
r-release-macos-arm64 | 2.1.1 | 35.00 | OK | |||
r-release-macos-x86_64 | 2.1.1 | 49.00 | OK | |||
r-release-windows-x86_64 | 2.1.1 | 4.00 | 58.00 | 62.00 | OK | |
r-oldrel-macos-arm64 | 2.1.1 | 28.00 | NOTE | |||
r-oldrel-macos-x86_64 | 2.1.1 | 39.00 | NOTE | |||
r-oldrel-windows-x86_64 | 2.1.1 | 5.00 | 61.00 | 66.00 | NOTE |
Version: 2.1.1
Check: CRAN incoming feasibility
Result: NOTE
Maintainer: ‘Xiang Lyu <lyu17@purdue.edu>’
No Authors@R field in DESCRIPTION.
Please add one, modifying
Authors@R: c(person(given = "Hanfang",
family = "Yang",
role = "aut"),
person(given = "Kun",
family = "Lu",
role = "aut"),
person(given = "Xiang",
family = "Lyu",
role = c("aut", "cre"),
email = "lyu17@purdue.edu"),
person(given = "Feifang",
family = "Hu",
role = "aut"),
person(given = "Yichuan",
family = "Zhao",
role = "aut"))
as necessary.
Flavors: r-devel-linux-x86_64-debian-clang, r-devel-linux-x86_64-debian-gcc
Version: 2.1.1
Check: LazyData
Result: NOTE
'LazyData' is specified without a 'data' directory
Flavors: r-oldrel-macos-arm64, r-oldrel-macos-x86_64, r-oldrel-windows-x86_64