Last updated on 2025-05-07 06:50:05 CEST.
Flavor | Version | Tinstall | Tcheck | Ttotal | Status | Flags |
---|---|---|---|---|---|---|
r-devel-linux-x86_64-debian-clang | 0.3-3 | 17.84 | 26.31 | 44.15 | NOTE | |
r-devel-linux-x86_64-debian-gcc | 0.3-3 | 12.26 | 20.44 | 32.70 | NOTE | |
r-devel-linux-x86_64-fedora-clang | 0.3-3 | 81.70 | OK | |||
r-devel-linux-x86_64-fedora-gcc | 0.3-3 | 75.53 | OK | |||
r-devel-windows-x86_64 | 0.3-3 | 22.00 | 52.00 | 74.00 | OK | |
r-patched-linux-x86_64 | 0.3-3 | 17.22 | 25.24 | 42.46 | OK | |
r-release-linux-x86_64 | 0.3-3 | 17.15 | 25.15 | 42.30 | OK | |
r-release-macos-arm64 | 0.3-3 | 25.00 | OK | |||
r-release-macos-x86_64 | 0.3-3 | 39.00 | OK | |||
r-release-windows-x86_64 | 0.3-3 | 22.00 | 57.00 | 79.00 | OK | |
r-oldrel-macos-arm64 | 0.3-3 | 25.00 | OK | |||
r-oldrel-macos-x86_64 | 0.3-3 | 31.00 | OK | |||
r-oldrel-windows-x86_64 | 0.3-3 | 23.00 | 53.00 | 76.00 | OK |
Version: 0.3-3
Check: CRAN incoming feasibility
Result: NOTE
Maintainer: ‘Jun Yan <jun.yan@uconn.edu>’
No Authors@R field in DESCRIPTION.
Please add one, modifying
Authors@R: person(given = "Jun",
family = "Yan",
role = c("aut", "cre"),
email = "jun.yan@uconn.edu")
as necessary.
Package CITATION file contains call(s) to old-style personList() or
as.personList(). Please use c() on person objects instead.
Package CITATION file contains call(s) to old-style citEntry(). Please
use bibentry() instead.
Flavors: r-devel-linux-x86_64-debian-clang, r-devel-linux-x86_64-debian-gcc