Last updated on 2025-05-03 12:54:57 CEST.
Flavor | Version | Tinstall | Tcheck | Ttotal | Status | Flags |
---|---|---|---|---|---|---|
r-devel-linux-x86_64-debian-clang | 1.6.0 | 13.43 | 225.44 | 238.87 | NOTE | |
r-devel-linux-x86_64-debian-gcc | 1.6.0 | 7.29 | 159.23 | 166.52 | NOTE | |
r-devel-linux-x86_64-fedora-clang | 1.6.0 | 393.89 | OK | |||
r-devel-linux-x86_64-fedora-gcc | 1.6.0 | 388.95 | OK | |||
r-devel-windows-x86_64 | 1.6.0 | 16.00 | 258.00 | 274.00 | NOTE | |
r-patched-linux-x86_64 | 1.6.0 | 13.40 | 218.52 | 231.92 | NOTE | |
r-release-linux-x86_64 | NOTE | |||||
r-release-macos-arm64 | 1.6.0 | 126.00 | OK | |||
r-release-macos-x86_64 | 1.6.0 | 239.00 | OK | |||
r-release-windows-x86_64 | 1.6.0 | 14.00 | 258.00 | 272.00 | NOTE | |
r-oldrel-macos-arm64 | 1.6.0 | 113.00 | NOTE | |||
r-oldrel-macos-x86_64 | 1.6.0 | 183.00 | NOTE | |||
r-oldrel-windows-x86_64 | 1.6.0 | 19.00 | 334.00 | 353.00 | NOTE |
Version: 1.6.0
Check: Rd cross-references
Result: NOTE
Found the following Rd file(s) with Rd \link{} targets missing package
anchors:
Wprime.Rd: foreach
read_directory.Rd: foreach
smoother_control.trackeRdata.Rd: foreach
zones.Rd: foreach
Please provide package anchors for all Rd \link{} targets not in the
package itself and the base packages.
Flavors: r-devel-linux-x86_64-debian-clang, r-devel-linux-x86_64-debian-gcc, r-devel-windows-x86_64, r-patched-linux-x86_64, r-release-linux-x86_64, r-release-windows-x86_64
Version: 1.6.0
Check: installed package size
Result: NOTE
installed size is 6.3Mb
sub-directories of 1Mb or more:
data 2.4Mb
doc 2.8Mb
Flavors: r-oldrel-macos-arm64, r-oldrel-macos-x86_64, r-oldrel-windows-x86_64