Last updated on 2025-05-03 12:54:57 CEST.
Flavor | Version | Tinstall | Tcheck | Ttotal | Status | Flags |
---|---|---|---|---|---|---|
r-devel-linux-x86_64-debian-clang | 3.4.2 | 10.26 | 54.69 | 64.95 | NOTE | |
r-devel-linux-x86_64-debian-gcc | 3.4.2 | 6.54 | 38.56 | 45.10 | NOTE | |
r-devel-linux-x86_64-fedora-clang | 3.4.2 | 103.84 | OK | |||
r-devel-linux-x86_64-fedora-gcc | 3.4.2 | 99.13 | OK | |||
r-devel-windows-x86_64 | 3.4.2 | 11.00 | 88.00 | 99.00 | NOTE | |
r-patched-linux-x86_64 | 3.4.2 | 10.76 | 52.62 | 63.38 | NOTE | |
r-release-linux-x86_64 | NOTE | |||||
r-release-macos-arm64 | 3.4.2 | 30.00 | OK | |||
r-release-macos-x86_64 | 3.4.2 | 57.00 | OK | |||
r-release-windows-x86_64 | 3.4.2 | 10.00 | 80.00 | 90.00 | NOTE | |
r-oldrel-macos-arm64 | 3.4.2 | 29.00 | OK | |||
r-oldrel-macos-x86_64 | 3.4.2 | 51.00 | OK | |||
r-oldrel-windows-x86_64 | 3.4.2 | 14.00 | 92.00 | 106.00 | OK |
Version: 3.4.2
Check: CRAN incoming feasibility
Result: NOTE
Maintainer: ‘Jon Clayden <code@clayden.org>’
No Authors@R field in DESCRIPTION.
Please add one, modifying
Authors@R: person(given = "Jon",
family = "Clayden",
role = c("aut", "cre"),
email = "code@clayden.org")
as necessary.
Flavors: r-devel-linux-x86_64-debian-clang, r-devel-linux-x86_64-debian-gcc
Version: 3.4.2
Check: Rd cross-references
Result: NOTE
Found the following Rd file(s) with Rd \link{} targets missing package
anchors:
printLabelledValues.Rd: setOutputLevel
Please provide package anchors for all Rd \link{} targets not in the
package itself and the base packages.
Flavors: r-devel-linux-x86_64-debian-clang, r-devel-linux-x86_64-debian-gcc, r-devel-windows-x86_64, r-patched-linux-x86_64, r-release-linux-x86_64, r-release-windows-x86_64