CRAN Package Check Results for Package traveltimeR

Last updated on 2025-05-04 03:51:09 CEST.

Flavor Version Tinstall Tcheck Ttotal Status Flags
r-devel-linux-x86_64-debian-clang 1.2.1 2.55 31.57 34.12 NOTE
r-devel-linux-x86_64-debian-gcc 1.2.1 1.85 24.76 26.61 NOTE
r-devel-linux-x86_64-fedora-clang 1.2.1 52.70 NOTE
r-devel-linux-x86_64-fedora-gcc 1.2.1 48.69 NOTE
r-devel-windows-x86_64 1.2.1 4.00 58.00 62.00 NOTE
r-patched-linux-x86_64 1.2.1 2.64 28.79 31.43 NOTE
r-release-linux-x86_64 NOTE
r-release-macos-arm64 1.2.1 30.00 NOTE
r-release-macos-x86_64 1.2.1 34.00 NOTE
r-release-windows-x86_64 1.2.1 4.00 53.00 57.00 NOTE
r-oldrel-macos-arm64 1.2.1 20.00 OK
r-oldrel-macos-x86_64 1.2.1 30.00 OK
r-oldrel-windows-x86_64 1.2.1 5.00 60.00 65.00 OK

Check Details

Version: 1.2.1
Check: DESCRIPTION meta-information
Result: NOTE Missing dependency on R >= 4.1.0 because package code uses the pipe |> or function shorthand \(...) syntax added in R 4.1.0. File(s) using such syntax: ‘utils.R’ Flavors: r-devel-linux-x86_64-debian-clang, r-devel-linux-x86_64-debian-gcc, r-devel-linux-x86_64-fedora-clang, r-devel-linux-x86_64-fedora-gcc, r-devel-windows-x86_64, r-patched-linux-x86_64, r-release-linux-x86_64, r-release-macos-arm64, r-release-macos-x86_64, r-release-windows-x86_64