Last updated on 2025-05-04 03:51:09 CEST.
Flavor | Version | Tinstall | Tcheck | Ttotal | Status | Flags |
---|---|---|---|---|---|---|
r-devel-linux-x86_64-debian-clang | 0.1.0 | 2.10 | 24.74 | 26.84 | NOTE | |
r-devel-linux-x86_64-debian-gcc | 0.1.0 | 1.60 | 20.26 | 21.86 | NOTE | |
r-devel-linux-x86_64-fedora-clang | 0.1.0 | 44.29 | OK | |||
r-devel-linux-x86_64-fedora-gcc | 0.1.0 | 56.63 | OK | |||
r-devel-windows-x86_64 | 0.1.0 | 3.00 | 68.00 | 71.00 | OK | |
r-patched-linux-x86_64 | 0.1.0 | 1.86 | 23.95 | 25.81 | OK | |
r-release-linux-x86_64 | OK | |||||
r-release-macos-arm64 | 0.1.0 | 27.00 | OK | |||
r-release-macos-x86_64 | 0.1.0 | 45.00 | OK | |||
r-release-windows-x86_64 | 0.1.0 | 3.00 | 59.00 | 62.00 | OK | |
r-oldrel-macos-arm64 | 0.1.0 | 24.00 | OK | |||
r-oldrel-macos-x86_64 | 0.1.0 | 35.00 | OK | |||
r-oldrel-windows-x86_64 | 0.1.0 | 3.00 | 60.00 | 63.00 | OK |
Version: 0.1.0
Check: CRAN incoming feasibility
Result: NOTE
Maintainer: ‘Jorge Vieira <jorgealexandrevieira@gmail.com>’
No Authors@R field in DESCRIPTION.
Please add one, modifying
Authors@R: person(given = "Jorge",
family = "Vieira",
role = c("aut", "cre"),
email = "jorgealexandrevieira@gmail.com")
as necessary.
Flavors: r-devel-linux-x86_64-debian-clang, r-devel-linux-x86_64-debian-gcc