Last updated on 2025-05-07 06:50:05 CEST.
Flavor | Version | Tinstall | Tcheck | Ttotal | Status | Flags |
---|---|---|---|---|---|---|
r-devel-linux-x86_64-debian-clang | 1.0.0 | 6.85 | 53.46 | 60.31 | OK | |
r-devel-linux-x86_64-debian-gcc | 1.0.0 | 4.56 | 40.71 | 45.27 | OK | |
r-devel-linux-x86_64-fedora-clang | 1.0.0 | 92.29 | OK | |||
r-devel-linux-x86_64-fedora-gcc | 1.0.0 | 89.96 | OK | |||
r-devel-windows-x86_64 | 1.0.0 | 7.00 | 71.00 | 78.00 | OK | |
r-patched-linux-x86_64 | 1.0.0 | 6.30 | 50.75 | 57.05 | OK | |
r-release-linux-x86_64 | 1.0.0 | 6.37 | 50.23 | 56.60 | OK | |
r-release-macos-arm64 | 1.0.0 | 36.00 | OK | |||
r-release-macos-x86_64 | 1.0.0 | 62.00 | OK | |||
r-release-windows-x86_64 | 1.0.0 | 8.00 | 71.00 | 79.00 | OK | |
r-oldrel-macos-arm64 | 1.0.0 | 33.00 | NOTE | |||
r-oldrel-macos-x86_64 | 1.0.0 | 48.00 | NOTE | |||
r-oldrel-windows-x86_64 | 1.0.0 | 11.00 | 79.00 | 90.00 | NOTE |
Version: 1.0.0
Check: LazyData
Result: NOTE
'LazyData' is specified without a 'data' directory
Flavors: r-oldrel-macos-arm64, r-oldrel-macos-x86_64, r-oldrel-windows-x86_64