Last updated on 2025-05-03 21:51:35 CEST.
Flavor | Version | Tinstall | Tcheck | Ttotal | Status | Flags |
---|---|---|---|---|---|---|
r-devel-linux-x86_64-debian-clang | 0.13 | 2.41 | 27.73 | 30.14 | NOTE | |
r-devel-linux-x86_64-debian-gcc | 0.13 | 2.12 | 22.43 | 24.55 | NOTE | |
r-devel-linux-x86_64-fedora-clang | 0.13 | 46.26 | OK | |||
r-devel-linux-x86_64-fedora-gcc | 0.13 | 44.66 | OK | |||
r-devel-windows-x86_64 | 0.13 | 5.00 | 49.00 | 54.00 | NOTE | |
r-patched-linux-x86_64 | 0.13 | 2.91 | 25.69 | 28.60 | NOTE | |
r-release-linux-x86_64 | NOTE | |||||
r-release-macos-arm64 | 0.13 | 26.00 | OK | |||
r-release-macos-x86_64 | 0.13 | 47.00 | OK | |||
r-release-windows-x86_64 | 0.13 | 4.00 | 49.00 | 53.00 | NOTE | |
r-oldrel-macos-arm64 | 0.13 | 20.00 | OK | |||
r-oldrel-macos-x86_64 | 0.13 | 27.00 | OK | |||
r-oldrel-windows-x86_64 | 0.13 | 5.00 | 55.00 | 60.00 | OK |
Version: 0.13
Check: Rd cross-references
Result: NOTE
Found the following Rd file(s) with Rd \link{} targets missing package
anchors:
tufte_handout.Rd: pdf_document, html_document
Please provide package anchors for all Rd \link{} targets not in the
package itself and the base packages.
Flavors: r-devel-linux-x86_64-debian-clang, r-devel-linux-x86_64-debian-gcc, r-devel-windows-x86_64, r-patched-linux-x86_64, r-release-linux-x86_64, r-release-windows-x86_64