Last updated on 2025-07-24 12:51:41 CEST.
Flavor | Version | Tinstall | Tcheck | Ttotal | Status | Flags |
---|---|---|---|---|---|---|
r-devel-linux-x86_64-debian-clang | 1.4.7 | 13.63 | 57.58 | 71.21 | OK | |
r-devel-linux-x86_64-debian-gcc | 1.4.7 | 10.07 | 43.94 | 54.01 | OK | |
r-devel-linux-x86_64-fedora-clang | 1.4.7 | 116.59 | OK | |||
r-devel-linux-x86_64-fedora-gcc | 1.4.7 | 106.28 | OK | |||
r-devel-windows-x86_64 | 1.4.7 | 22.00 | 85.00 | 107.00 | OK | |
r-patched-linux-x86_64 | 1.4.7 | 15.23 | 54.08 | 69.31 | OK | |
r-release-linux-x86_64 | 1.4.7 | 13.50 | 53.95 | 67.45 | OK | |
r-release-macos-arm64 | 1.4.7 | 32.00 | OK | |||
r-release-macos-x86_64 | 1.4.7 | 60.00 | OK | |||
r-release-windows-x86_64 | 1.4.7 | 24.00 | 0.00 | 24.00 | FAIL | |
r-oldrel-macos-arm64 | 1.4.7 | 34.00 | OK | |||
r-oldrel-macos-x86_64 | 1.4.7 | 55.00 | OK | |||
r-oldrel-windows-x86_64 | 1.4.7 | 26.00 | 107.00 | 133.00 | OK |
Version: 1.4.7
Check: PDF version of manual
Result: FAIL
Check process probably crashed or hung up for 20 minutes ... killed
Most likely this happened in the example checks (?),
if not, ignore the following last lines of example output:
> newWobj
Wave Object
Number of Samples: 44100
Duration (seconds): 1
Samplingrate (Hertz): 44100
Channels (Mono/Stereo): Mono
PCM (integer format): FALSE
Bit (8/16/24/32/64): 32
> file.remove(tfile)
[1] TRUE
>
>
>
> ### * <FOOTER>
> ###
> cleanEx()
> options(digits = 7L)
> base::cat("Time elapsed: ", proc.time() - base::get("ptime", pos = 'CheckExEnv'),"\n")
Time elapsed: 2.74 0.31 3.05 NA NA
> grDevices::dev.off()
null device
1
> ###
> ### Local variables: ***
> ### mode: outline-minor ***
> ### outline-regexp: "\\(> \\)?### [*]+" ***
> ### End: ***
> quit('no')
======== End of example output (where/before crash/hang up occured ?) ========
Flavor: r-release-windows-x86_64