Last updated on 2024-06-17 06:50:35 CEST.
Flavor | Version | Tinstall | Tcheck | Ttotal | Status | Flags |
---|---|---|---|---|---|---|
r-devel-linux-x86_64-debian-clang | 2.0.3 | 37.21 | 49.76 | 86.97 | NOTE | |
r-devel-linux-x86_64-debian-gcc | 2.0.3 | 35.12 | 36.95 | 72.07 | NOTE | |
r-devel-linux-x86_64-fedora-clang | 2.0.3 | 119.54 | NOTE | |||
r-devel-linux-x86_64-fedora-gcc | 2.0.3 | 136.88 | NOTE | |||
r-devel-windows-x86_64 | 2.0.3 | 38.00 | 73.00 | 111.00 | NOTE | |
r-patched-linux-x86_64 | 2.0.3 | 36.06 | 47.64 | 83.70 | OK | |
r-release-linux-x86_64 | 2.0.3 | 41.77 | 47.17 | 88.94 | OK | |
r-release-macos-arm64 | 2.0.3 | 32.00 | OK | |||
r-release-macos-x86_64 | 2.0.3 | 44.00 | OK | |||
r-release-windows-x86_64 | 2.0.3 | 38.00 | 76.00 | 114.00 | OK | |
r-oldrel-macos-arm64 | 2.0.3 | 37.00 | OK | |||
r-oldrel-macos-x86_64 | 2.0.3 | 63.00 | OK | |||
r-oldrel-windows-x86_64 | 2.0.3 | 44.00 | 81.00 | 125.00 | OK |
Version: 2.0.3
Check: compiled code
Result: NOTE
File ‘tweenr/libs/tweenr.so’:
Found non-API calls to R: ‘SETLENGTH’, ‘SET_TRUELENGTH’
Compiled code should not call non-API entry points in R.
See ‘Writing portable packages’ in the ‘Writing R Extensions’ manual.
Flavor: r-devel-linux-x86_64-debian-clang
Version: 2.0.3
Check: compiled code
Result: NOTE
File ‘tweenr/libs/tweenr.so’:
Found non-API calls to R: ‘SETLENGTH’, ‘SET_GROWABLE_BIT’,
‘SET_TRUELENGTH’
Compiled code should not call non-API entry points in R.
See ‘Writing portable packages’ in the ‘Writing R Extensions’ manual.
Flavors: r-devel-linux-x86_64-debian-gcc, r-devel-linux-x86_64-fedora-clang, r-devel-linux-x86_64-fedora-gcc
Version: 2.0.3
Check: compiled code
Result: NOTE
File 'tweenr/libs/x64/tweenr.dll':
Found non-API calls to R: 'SETLENGTH', 'SET_GROWABLE_BIT',
'SET_TRUELENGTH'
Compiled code should not call non-API entry points in R.
See 'Writing portable packages' in the 'Writing R Extensions' manual.
Flavor: r-devel-windows-x86_64