Last updated on 2025-05-06 12:49:53 CEST.
Flavor | Version | Tinstall | Tcheck | Ttotal | Status | Flags |
---|---|---|---|---|---|---|
r-devel-linux-x86_64-debian-clang | 0.3.5 | 3.64 | 34.63 | 38.27 | NOTE | |
r-devel-linux-x86_64-debian-gcc | 0.3.5 | 2.94 | 28.13 | 31.07 | NOTE | |
r-devel-linux-x86_64-fedora-clang | 0.3.5 | 56.02 | NOTE | |||
r-devel-linux-x86_64-fedora-gcc | 0.3.5 | 56.57 | NOTE | |||
r-devel-windows-x86_64 | 0.3.5 | 5.00 | 49.00 | 54.00 | NOTE | |
r-patched-linux-x86_64 | 0.3.5 | 3.67 | 32.68 | 36.35 | NOTE | |
r-release-linux-x86_64 | 0.3.5 | 3.55 | 32.43 | 35.98 | NOTE | |
r-release-macos-arm64 | 0.3.5 | 34.00 | NOTE | |||
r-release-macos-x86_64 | 0.3.5 | 42.00 | NOTE | |||
r-release-windows-x86_64 | 0.3.5 | 5.00 | 53.00 | 58.00 | NOTE | |
r-oldrel-macos-arm64 | 0.3.5 | 26.00 | NOTE | |||
r-oldrel-macos-x86_64 | 0.3.5 | 36.00 | NOTE | |||
r-oldrel-windows-x86_64 | 0.3.5 | 5.00 | 59.00 | 64.00 | NOTE |
Version: 0.3.5
Check: package subdirectories
Result: NOTE
Problems with news in ‘NEWS.md’:
No news entries found.
Flavors: r-devel-linux-x86_64-debian-clang, r-devel-linux-x86_64-debian-gcc, r-devel-linux-x86_64-fedora-clang, r-devel-linux-x86_64-fedora-gcc, r-devel-windows-x86_64, r-patched-linux-x86_64, r-release-linux-x86_64, r-release-macos-arm64, r-release-macos-x86_64, r-release-windows-x86_64, r-oldrel-macos-arm64, r-oldrel-macos-x86_64, r-oldrel-windows-x86_64