Last updated on 2025-05-03 21:51:35 CEST.
Flavor | Version | Tinstall | Tcheck | Ttotal | Status | Flags |
---|---|---|---|---|---|---|
r-devel-linux-x86_64-debian-clang | 1.1.6 | 2.99 | 30.76 | 33.75 | NOTE | |
r-devel-linux-x86_64-debian-gcc | 1.1.6 | 2.38 | 25.23 | 27.61 | NOTE | |
r-devel-linux-x86_64-fedora-clang | 1.1.6 | 53.08 | OK | |||
r-devel-linux-x86_64-fedora-gcc | 1.1.6 | 65.60 | OK | |||
r-devel-windows-x86_64 | 1.1.6 | 6.00 | 53.00 | 59.00 | OK | |
r-patched-linux-x86_64 | 1.1.6 | 3.19 | 29.20 | 32.39 | OK | |
r-release-linux-x86_64 | OK | |||||
r-release-macos-arm64 | 1.1.6 | 33.00 | OK | |||
r-release-macos-x86_64 | 1.1.6 | 53.00 | OK | |||
r-release-windows-x86_64 | 1.1.6 | 7.00 | 56.00 | 63.00 | OK | |
r-oldrel-macos-arm64 | 1.1.6 | 27.00 | OK | |||
r-oldrel-macos-x86_64 | 1.1.6 | 44.00 | OK | |||
r-oldrel-windows-x86_64 | 1.1.6 | 6.00 | 62.00 | 68.00 | OK |
Version: 1.1.6
Check: CRAN incoming feasibility
Result: NOTE
Maintainer: ‘Oscar Alberto Quijano Xacur <oscar.quijano@use.startmail.com>’
No Authors@R field in DESCRIPTION.
Please add one, modifying
Authors@R: person(given = c("Oscar", "Alberto", "Quijano"),
family = "Xacur",
role = c("aut", "cre"),
email = "oscar.quijano@use.startmail.com")
as necessary.
Package CITATION file contains call(s) to old-style citEntry(). Please
use bibentry() instead.
Flavors: r-devel-linux-x86_64-debian-clang, r-devel-linux-x86_64-debian-gcc