Last updated on 2025-05-04 03:51:09 CEST.
Flavor | Version | Tinstall | Tcheck | Ttotal | Status | Flags |
---|---|---|---|---|---|---|
r-devel-linux-x86_64-debian-clang | 0.1.0 | 2.02 | 32.73 | 34.75 | NOTE | |
r-devel-linux-x86_64-debian-gcc | 0.1.0 | 1.25 | 26.24 | 27.49 | NOTE | |
r-devel-linux-x86_64-fedora-clang | 0.1.0 | 53.46 | OK | |||
r-devel-linux-x86_64-fedora-gcc | 0.1.0 | 65.33 | OK | |||
r-devel-windows-x86_64 | 0.1.0 | 4.00 | 52.00 | 56.00 | OK | |
r-patched-linux-x86_64 | 0.1.0 | 1.88 | 30.11 | 31.99 | OK | |
r-release-linux-x86_64 | OK | |||||
r-release-macos-arm64 | 0.1.0 | 28.00 | OK | |||
r-release-macos-x86_64 | 0.1.0 | 48.00 | OK | |||
r-release-windows-x86_64 | 0.1.0 | 5.00 | 54.00 | 59.00 | OK | |
r-oldrel-macos-arm64 | 0.1.0 | 25.00 | OK | |||
r-oldrel-macos-x86_64 | 0.1.0 | 40.00 | OK | |||
r-oldrel-windows-x86_64 | 0.1.0 | 4.00 | 61.00 | 65.00 | OK |
Version: 0.1.0
Check: CRAN incoming feasibility
Result: NOTE
Maintainer: ‘Ron Sielinski <sielinski@hotmail.com>’
No Authors@R field in DESCRIPTION.
Please add one, modifying
Authors@R: person(given = "Ron",
family = "Sielinski",
role = c("aut", "cre"),
email = "sielinski@hotmail.com")
as necessary.
Flavors: r-devel-linux-x86_64-debian-clang, r-devel-linux-x86_64-debian-gcc