CRAN Package Check Results for Package vagalumeR

Last updated on 2025-05-04 03:51:09 CEST.

Flavor Version Tinstall Tcheck Ttotal Status Flags
r-devel-linux-x86_64-debian-clang 0.1.6 1.71 18.07 19.78 NOTE
r-devel-linux-x86_64-debian-gcc 0.1.6 1.55 14.39 15.94 NOTE
r-devel-linux-x86_64-fedora-clang 0.1.6 30.85 OK
r-devel-linux-x86_64-fedora-gcc 0.1.6 29.37 OK
r-devel-windows-x86_64 0.1.6 4.00 41.00 45.00 OK
r-patched-linux-x86_64 0.1.6 1.96 17.31 19.27 OK
r-release-linux-x86_64 OK
r-release-macos-arm64 0.1.6 15.00 OK
r-release-macos-x86_64 0.1.6 23.00 OK
r-release-windows-x86_64 0.1.6 4.00 41.00 45.00 OK
r-oldrel-macos-arm64 0.1.6 15.00 NOTE
r-oldrel-macos-x86_64 0.1.6 23.00 NOTE
r-oldrel-windows-x86_64 0.1.6 4.00 44.00 48.00 NOTE

Check Details

Version: 0.1.6
Check: CRAN incoming feasibility
Result: NOTE Maintainer: ‘Bruna Wundervald <brunadaviesw@gmail.com>’ No Authors@R field in DESCRIPTION. Please add one, modifying Authors@R: person(given = "Bruna", family = "Wundervald", role = c("aut", "cre"), email = "brunadaviesw@gmail.com") as necessary. Flavors: r-devel-linux-x86_64-debian-clang, r-devel-linux-x86_64-debian-gcc

Version: 0.1.6
Check: LazyData
Result: NOTE 'LazyData' is specified without a 'data' directory Flavors: r-oldrel-macos-arm64, r-oldrel-macos-x86_64, r-oldrel-windows-x86_64