CRAN Package Check Results for Package vectorwavelet

Last updated on 2025-05-03 21:51:35 CEST.

Flavor Version Tinstall Tcheck Ttotal Status Flags
r-devel-linux-x86_64-debian-clang 0.1.0 5.06 44.47 49.53 NOTE
r-devel-linux-x86_64-debian-gcc 0.1.0 3.69 31.93 35.62 NOTE
r-devel-linux-x86_64-fedora-clang 0.1.0 76.89 NOTE
r-devel-linux-x86_64-fedora-gcc 0.1.0 73.65 NOTE
r-devel-windows-x86_64 0.1.0 6.00 60.00 66.00 OK
r-patched-linux-x86_64 0.1.0 5.59 42.47 48.06 OK
r-release-linux-x86_64 OK
r-release-macos-arm64 0.1.0 27.00 OK
r-release-macos-x86_64 0.1.0 46.00 OK
r-release-windows-x86_64 0.1.0 6.00 59.00 65.00 OK
r-oldrel-macos-arm64 0.1.0 24.00 NOTE
r-oldrel-macos-x86_64 0.1.0 37.00 NOTE
r-oldrel-windows-x86_64 0.1.0 8.00 75.00 83.00 NOTE

Check Details

Version: 0.1.0
Check: CRAN incoming feasibility
Result: NOTE Maintainer: ‘Tunc Oygur <info@tuncoygur.com.tr>’ No Authors@R field in DESCRIPTION. Please add one, modifying Authors@R: c(person(given = "Tunc", family = "Oygur", role = c("aut", "cre"), email = "info@tuncoygur.com.tr"), person(given = "Gazanfer", family = "Unal", role = "aut"), person(given = c("Tarik", "C."), family = "Gouhier", role = "ctb"), person(given = "Aslak", family = "Grinsted", role = "ctb"), person(given = "Viliam", family = "Simko", role = "ctb")) as necessary. Flavors: r-devel-linux-x86_64-debian-clang, r-devel-linux-x86_64-debian-gcc

Version: 0.1.0
Check: dependencies in R code
Result: NOTE Namespaces in Imports field not imported from: ‘Rcpp’ ‘foreach’ ‘iterators’ ‘maps’ ‘spam’ All declared Imports should be used. Flavors: r-devel-linux-x86_64-fedora-clang, r-devel-linux-x86_64-fedora-gcc

Version: 0.1.0
Check: LazyData
Result: NOTE 'LazyData' is specified without a 'data' directory Flavors: r-oldrel-macos-arm64, r-oldrel-macos-x86_64, r-oldrel-windows-x86_64