CRAN Package Check Results for Package versus

Last updated on 2025-05-03 21:51:36 CEST.

Flavor Version Tinstall Tcheck Ttotal Status Flags
r-devel-linux-x86_64-debian-clang 0.3.0 6.41 55.34 61.75 NOTE
r-devel-linux-x86_64-debian-gcc 0.3.0 4.31 40.00 44.31 NOTE
r-devel-linux-x86_64-fedora-clang 0.3.0 103.01 NOTE
r-devel-linux-x86_64-fedora-gcc 0.3.0 88.74 NOTE
r-devel-windows-x86_64 0.3.0 10.00 69.00 79.00 NOTE
r-patched-linux-x86_64 0.3.0 5.64 50.54 56.18 NOTE
r-release-linux-x86_64 NOTE
r-release-macos-arm64 0.3.0 31.00 NOTE
r-release-macos-x86_64 0.3.0 55.00 NOTE
r-release-windows-x86_64 0.3.0 10.00 67.00 77.00 NOTE
r-oldrel-macos-arm64 0.3.0 32.00 OK
r-oldrel-macos-x86_64 0.3.0 46.00 OK
r-oldrel-windows-x86_64 0.3.0 12.00 87.00 99.00 OK

Check Details

Version: 0.3.0
Check: compiled code
Result: NOTE File ‘versus/libs/versus.so’: Found non-API call to R: ‘STRING_PTR’ Compiled code should not call non-API entry points in R. See ‘Writing portable packages’ in the ‘Writing R Extensions’ manual, and section ‘Moving into C API compliance’ for issues with the use of non-API entry points. Flavors: r-devel-linux-x86_64-debian-clang, r-devel-linux-x86_64-debian-gcc, r-devel-linux-x86_64-fedora-clang, r-devel-linux-x86_64-fedora-gcc, r-patched-linux-x86_64, r-release-linux-x86_64, r-release-macos-arm64, r-release-macos-x86_64

Version: 0.3.0
Check: compiled code
Result: NOTE File 'versus/libs/x64/versus.dll': Found non-API call to R: 'STRING_PTR' Compiled code should not call non-API entry points in R. See 'Writing portable packages' in the 'Writing R Extensions' manual, and section 'Moving into C API compliance' for issues with the use of non-API entry points. Flavors: r-devel-windows-x86_64, r-release-windows-x86_64