CRAN Package Check Results for Package vesselr

Last updated on 2025-05-06 03:51:20 CEST.

Flavor Version Tinstall Tcheck Ttotal Status Flags
r-devel-linux-x86_64-debian-clang 0.2.1 4.31 39.00 43.31 NOTE
r-devel-linux-x86_64-debian-gcc 0.2.1 3.20 28.85 32.05 NOTE
r-devel-linux-x86_64-fedora-clang 0.2.1 67.19 OK
r-devel-linux-x86_64-fedora-gcc 0.2.1 64.55 OK
r-devel-windows-x86_64 0.2.1 4.00 64.00 68.00 NOTE
r-patched-linux-x86_64 0.2.1 4.19 37.27 41.46 NOTE
r-release-linux-x86_64 0.2.1 4.20 37.46 41.66 NOTE
r-release-macos-arm64 0.2.1 22.00 OK
r-release-macos-x86_64 0.2.1 44.00 OK
r-release-windows-x86_64 0.2.1 5.00 61.00 66.00 NOTE
r-oldrel-macos-arm64 0.2.1 21.00 NOTE
r-oldrel-macos-x86_64 0.2.1 38.00 NOTE
r-oldrel-windows-x86_64 0.2.1 6.00 66.00 72.00 NOTE

Check Details

Version: 0.2.1
Check: Rd cross-references
Result: NOTE Found the following Rd file(s) with Rd \link{} targets missing package anchors: blobness3D.Rd: nifti gradient3D.Rd: nifti hessian3D.Rd: nifti vesselness3D.Rd: nifti Please provide package anchors for all Rd \link{} targets not in the package itself and the base packages. Flavors: r-devel-linux-x86_64-debian-clang, r-devel-linux-x86_64-debian-gcc, r-devel-windows-x86_64, r-patched-linux-x86_64, r-release-linux-x86_64, r-release-windows-x86_64

Version: 0.2.1
Check: LazyData
Result: NOTE 'LazyData' is specified without a 'data' directory Flavors: r-oldrel-macos-arm64, r-oldrel-macos-x86_64, r-oldrel-windows-x86_64