Last updated on 2024-06-17 06:50:35 CEST.
Flavor | Version | Tinstall | Tcheck | Ttotal | Status | Flags |
---|---|---|---|---|---|---|
r-devel-linux-x86_64-debian-clang | 1.4.0 | 9.60 | 96.42 | 106.02 | NOTE | |
r-devel-linux-x86_64-debian-gcc | 1.4.0 | 8.95 | 72.22 | 81.17 | NOTE | |
r-devel-linux-x86_64-fedora-clang | 1.4.0 | 138.74 | NOTE | |||
r-devel-linux-x86_64-fedora-gcc | 1.4.0 | 125.45 | NOTE | |||
r-devel-windows-x86_64 | 1.4.0 | 10.00 | 94.00 | 104.00 | NOTE | |
r-patched-linux-x86_64 | 1.4.0 | 10.82 | 91.47 | 102.29 | NOTE | |
r-release-linux-x86_64 | 1.4.0 | 10.49 | 90.76 | 101.25 | NOTE | |
r-release-macos-arm64 | 1.4.0 | 37.00 | NOTE | |||
r-release-macos-x86_64 | 1.4.0 | 58.00 | NOTE | |||
r-release-windows-x86_64 | 1.4.0 | 11.00 | 93.00 | 104.00 | NOTE | |
r-oldrel-macos-arm64 | 1.4.0 | 43.00 | NOTE | |||
r-oldrel-macos-x86_64 | 1.4.0 | 70.00 | NOTE | |||
r-oldrel-windows-x86_64 | 1.4.0 | 13.00 | 111.00 | 124.00 | NOTE |
Version: 1.4.0
Check: LazyData
Result: NOTE
'LazyData' is specified without a 'data' directory
Flavors: r-devel-linux-x86_64-debian-clang, r-devel-linux-x86_64-debian-gcc, r-devel-linux-x86_64-fedora-clang, r-devel-linux-x86_64-fedora-gcc, r-devel-windows-x86_64, r-patched-linux-x86_64, r-release-linux-x86_64, r-release-macos-arm64, r-release-macos-x86_64, r-release-windows-x86_64, r-oldrel-macos-arm64, r-oldrel-macos-x86_64, r-oldrel-windows-x86_64