Last updated on 2025-05-03 12:54:58 CEST.
Flavor | Version | Tinstall | Tcheck | Ttotal | Status | Flags |
---|---|---|---|---|---|---|
r-devel-linux-x86_64-debian-clang | 0.4.1 | 15.72 | 89.47 | 105.19 | NOTE | |
r-devel-linux-x86_64-debian-gcc | 0.4.1 | 10.90 | 59.62 | 70.52 | NOTE | |
r-devel-linux-x86_64-fedora-clang | 0.4.1 | 152.18 | NOTE | |||
r-devel-linux-x86_64-fedora-gcc | 0.4.1 | 155.98 | NOTE | |||
r-devel-windows-x86_64 | 0.4.1 | 19.00 | 97.00 | 116.00 | NOTE | |
r-patched-linux-x86_64 | 0.4.1 | 15.88 | 81.90 | 97.78 | NOTE | |
r-release-linux-x86_64 | NOTE | |||||
r-release-macos-arm64 | 0.4.1 | 44.00 | NOTE | |||
r-release-macos-x86_64 | 0.4.1 | 75.00 | NOTE | |||
r-release-windows-x86_64 | 0.4.1 | 20.00 | 99.00 | 119.00 | NOTE | |
r-oldrel-macos-arm64 | 0.4.1 | 43.00 | OK | |||
r-oldrel-macos-x86_64 | 0.4.1 | 62.00 | OK | |||
r-oldrel-windows-x86_64 | 0.4.1 | 24.00 | 127.00 | 151.00 | OK |
Version: 0.4.1
Check: DESCRIPTION meta-information
Result: NOTE
Missing dependency on R >= 4.1.0 because package code uses the pipe
|> or function shorthand \(...) syntax added in R 4.1.0.
File(s) using such syntax:
‘functions_upload.R’ ‘mod_hidecan.R’
Flavors: r-devel-linux-x86_64-debian-clang, r-devel-linux-x86_64-debian-gcc, r-devel-linux-x86_64-fedora-clang, r-devel-linux-x86_64-fedora-gcc, r-devel-windows-x86_64, r-patched-linux-x86_64, r-release-linux-x86_64, r-release-macos-arm64, r-release-macos-x86_64, r-release-windows-x86_64